Last updated on 2020-01-27 00:48:24 CET.
Flavor | Version | Tinstall | Tcheck | Ttotal | Status | Flags |
---|---|---|---|---|---|---|
r-devel-linux-x86_64-debian-clang | 2.0.1 | 9.67 | 80.46 | 90.13 | OK | |
r-devel-linux-x86_64-debian-gcc | 2.0.1 | 8.19 | 63.16 | 71.35 | OK | |
r-devel-linux-x86_64-fedora-clang | 2.0.1 | 108.39 | NOTE | |||
r-devel-linux-x86_64-fedora-gcc | 2.0.1 | 106.28 | NOTE | |||
r-devel-windows-ix86+x86_64 | 2.0.1 | 18.00 | 119.00 | 137.00 | NOTE | |
r-devel-windows-ix86+x86_64-gcc8 | 2.0.1 | 25.00 | 129.00 | 154.00 | NOTE | |
r-patched-linux-x86_64 | 2.0.1 | 7.35 | 71.78 | 79.13 | OK | |
r-patched-solaris-x86 | 2.0.1 | 151.20 | NOTE | |||
r-release-linux-x86_64 | 2.0.1 | 8.28 | 71.19 | 79.47 | OK | |
r-release-windows-ix86+x86_64 | 2.0.1 | 16.00 | 112.00 | 128.00 | NOTE | |
r-release-osx-x86_64 | 2.0.1 | NOTE | ||||
r-oldrel-windows-ix86+x86_64 | 2.0.1 | 10.00 | 107.00 | 117.00 | NOTE | |
r-oldrel-osx-x86_64 | 2.0.1 | NOTE |
Version: 2.0.1
Check: package dependencies
Result: NOTE
Package suggested but not available for checking: ‘cplexAPI’
Flavors: r-devel-linux-x86_64-fedora-clang, r-devel-linux-x86_64-fedora-gcc, r-devel-windows-ix86+x86_64, r-devel-windows-ix86+x86_64-gcc8, r-patched-solaris-x86, r-release-windows-ix86+x86_64, r-release-osx-x86_64, r-oldrel-windows-ix86+x86_64, r-oldrel-osx-x86_64