Last updated on 2020-01-27 00:48:24 CET.
Flavor | Version | Tinstall | Tcheck | Ttotal | Status | Flags |
---|---|---|---|---|---|---|
r-devel-linux-x86_64-debian-clang | 3.0.1 | 15.31 | 89.22 | 104.53 | OK | |
r-devel-linux-x86_64-debian-gcc | 3.0.1 | 14.81 | 70.24 | 85.05 | OK | |
r-devel-linux-x86_64-fedora-clang | 3.0.1 | 128.69 | NOTE | |||
r-devel-linux-x86_64-fedora-gcc | 3.0.1 | 127.26 | NOTE | |||
r-devel-windows-ix86+x86_64 | 3.0.1 | 25.00 | 130.00 | 155.00 | NOTE | |
r-devel-windows-ix86+x86_64-gcc8 | 3.0.1 | 36.00 | 135.00 | 171.00 | NOTE | |
r-patched-linux-x86_64 | 3.0.1 | 14.73 | 79.63 | 94.36 | OK | |
r-patched-solaris-x86 | 3.0.1 | 173.20 | NOTE | |||
r-release-linux-x86_64 | 3.0.1 | 14.32 | 79.75 | 94.07 | OK | |
r-release-windows-ix86+x86_64 | 3.0.1 | 23.00 | 115.00 | 138.00 | NOTE | |
r-release-osx-x86_64 | 3.0.1 | NOTE | ||||
r-oldrel-windows-ix86+x86_64 | 3.0.1 | 17.00 | 109.00 | 126.00 | NOTE | |
r-oldrel-osx-x86_64 | 3.0.1 | NOTE |
Version: 3.0.1
Check: package dependencies
Result: NOTE
Package suggested but not available for checking: ‘cplexAPI’
Flavors: r-devel-linux-x86_64-fedora-clang, r-devel-linux-x86_64-fedora-gcc, r-devel-windows-ix86+x86_64, r-devel-windows-ix86+x86_64-gcc8, r-patched-solaris-x86, r-release-windows-ix86+x86_64, r-release-osx-x86_64, r-oldrel-windows-ix86+x86_64, r-oldrel-osx-x86_64
Version: 3.0.1
Check: installed package size
Result: NOTE
installed size is 5.2Mb
sub-directories of 1Mb or more:
extdata 4.2Mb
Flavors: r-devel-linux-x86_64-fedora-clang, r-devel-windows-ix86+x86_64, r-devel-windows-ix86+x86_64-gcc8, r-patched-solaris-x86, r-release-windows-ix86+x86_64, r-release-osx-x86_64, r-oldrel-windows-ix86+x86_64, r-oldrel-osx-x86_64
Version: 3.0.1
Check: data for non-ASCII characters
Result: NOTE
Note: found 1 marked UTF-8 string
Flavors: r-devel-linux-x86_64-fedora-clang, r-devel-linux-x86_64-fedora-gcc, r-patched-solaris-x86, r-release-osx-x86_64, r-oldrel-osx-x86_64