Last updated on 2020-01-27 00:48:24 CET.
Flavor | Version | Tinstall | Tcheck | Ttotal | Status | Flags |
---|---|---|---|---|---|---|
r-devel-linux-x86_64-debian-clang | 2.1.5 | 27.34 | 230.51 | 257.85 | OK | |
r-devel-linux-x86_64-debian-gcc | 2.1.5 | 24.05 | 176.64 | 200.69 | OK | |
r-devel-linux-x86_64-fedora-clang | 2.1.5 | 310.64 | NOTE | |||
r-devel-linux-x86_64-fedora-gcc | 2.1.5 | 310.98 | NOTE | |||
r-devel-windows-ix86+x86_64 | 2.1.5 | 58.00 | 249.00 | 307.00 | NOTE | |
r-devel-windows-ix86+x86_64-gcc8 | 2.1.5 | 58.00 | 249.00 | 307.00 | NOTE | |
r-patched-linux-x86_64 | 2.1.5 | 26.50 | 207.13 | 233.63 | OK | |
r-patched-solaris-x86 | 2.1.5 | 290.10 | NOTE | |||
r-release-linux-x86_64 | 2.1.5 | 23.06 | 208.53 | 231.59 | OK | |
r-release-windows-ix86+x86_64 | 2.1.5 | 41.00 | 231.00 | 272.00 | NOTE | |
r-release-osx-x86_64 | 2.1.5 | NOTE | ||||
r-oldrel-windows-ix86+x86_64 | 2.1.5 | 36.00 | 213.00 | 249.00 | NOTE | |
r-oldrel-osx-x86_64 | 2.1.5 | NOTE |
Version: 2.1.5
Check: package dependencies
Result: NOTE
Package suggested but not available for checking: ‘cplexAPI’
Flavors: r-devel-linux-x86_64-fedora-clang, r-devel-linux-x86_64-fedora-gcc, r-devel-windows-ix86+x86_64, r-devel-windows-ix86+x86_64-gcc8, r-patched-solaris-x86, r-release-windows-ix86+x86_64, r-oldrel-windows-ix86+x86_64
Version: 2.1.5
Check: package dependencies
Result: NOTE
Packages suggested but not available for checking: 'cplexAPI', 'clpAPI'
Flavor: r-release-osx-x86_64
Version: 2.1.5
Check: package dependencies
Result: NOTE
Packages suggested but not available for checking: ‘cplexAPI’ ‘clpAPI’
Flavor: r-oldrel-osx-x86_64