CRAN Package Check Results for Package sweep

Last updated on 2020-01-27 00:48:24 CET.

Flavor Version Tinstall Tcheck Ttotal Status Flags
r-devel-linux-x86_64-debian-clang 0.2.2 6.75 147.97 154.72 OK
r-devel-linux-x86_64-debian-gcc 0.2.2 5.26 110.60 115.86 OK
r-devel-linux-x86_64-fedora-clang 0.2.2 180.21 NOTE
r-devel-linux-x86_64-fedora-gcc 0.2.2 185.00 NOTE
r-devel-windows-ix86+x86_64 0.2.2 24.00 213.00 237.00 OK
r-devel-windows-ix86+x86_64-gcc8 0.2.2 25.00 164.00 189.00 OK
r-patched-linux-x86_64 0.2.2 5.46 133.80 139.26 OK
r-patched-solaris-x86 0.2.2 241.50 NOTE
r-release-linux-x86_64 0.2.2 4.86 133.17 138.03 OK
r-release-windows-ix86+x86_64 0.2.2 12.00 152.00 164.00 OK
r-release-osx-x86_64 0.2.2 NOTE
r-oldrel-windows-ix86+x86_64 0.2.2 7.00 134.00 141.00 OK
r-oldrel-osx-x86_64 0.2.2 NOTE

Check Details

Version: 0.2.2
Check: dependencies in R code
Result: NOTE
    Namespaces in Imports field not imported from:
     ‘lazyeval’ ‘lubridate’ ‘tidyr’
     All declared Imports should be used.
Flavors: r-devel-linux-x86_64-fedora-clang, r-devel-linux-x86_64-fedora-gcc, r-patched-solaris-x86, r-release-osx-x86_64, r-oldrel-osx-x86_64