CRAN Package Check Results for Package svyPVpack

Last updated on 2020-01-27 00:48:24 CET.

Flavor Version Tinstall Tcheck Ttotal Status Flags
r-devel-linux-x86_64-debian-clang 0.1-1 8.64 76.90 85.54 NOTE
r-devel-linux-x86_64-debian-gcc 0.1-1 8.21 59.58 67.79 NOTE
r-devel-linux-x86_64-fedora-clang 0.1-1 101.95 NOTE
r-devel-linux-x86_64-fedora-gcc 0.1-1 104.49 NOTE
r-devel-windows-ix86+x86_64 0.1-1 22.00 124.00 146.00 NOTE
r-devel-windows-ix86+x86_64-gcc8 0.1-1 25.00 128.00 153.00 NOTE
r-patched-linux-x86_64 0.1-1 6.96 68.55 75.51 NOTE
r-patched-solaris-x86 0.1-1 137.30 NOTE
r-release-linux-x86_64 0.1-1 8.05 69.60 77.65 NOTE
r-release-windows-ix86+x86_64 0.1-1 14.00 73.00 87.00 NOTE
r-release-osx-x86_64 0.1-1 NOTE
r-oldrel-windows-ix86+x86_64 0.1-1 8.00 91.00 99.00 NOTE
r-oldrel-osx-x86_64 0.1-1 NOTE

Check Details

Version: 0.1-1
Check: R code for possible problems
Result: NOTE
    additional_comp: no visible global function definition for 'aggregate'
    additional_compPV : <anonymous>: no visible global function definition
     for 'aggregate'
    cor.aux.func : <anonymous>: no visible global function definition for
     'cov.wt'
    eta.func : <anonymous>: no visible global function definition for 'lm'
    eta.func : <anonymous>: no visible global function definition for
     'anova'
    glm.dummy.no.std: no visible global function definition for
     'as.formula'
    pv_by: no visible binding for global variable 'var'
    pv_perc: no visible binding for global variable 'var'
    pv_quantile: no visible binding for global variable 'var'
    svyPVcor: no visible global function definition for 'update'
    svyPVcor: no visible global function definition for 'var'
    svyPVeta: no visible global function definition for 'update'
    svyPVeta: no visible global function definition for 'var'
    svyPVglm: no visible global function definition for 'gaussian'
    svyPVglm: no visible binding for global variable 'as.formula'
    svyPVglm: no visible binding for global variable 'var'
    svyPVglm: no visible global function definition for 'pt'
    svyPVttest: no visible binding for global variable 'as.formula'
    svyPVttest: no visible global function definition for 'var'
    svyPVttest: no visible global function definition for 'pt'
    svyPVttest: no visible binding for global variable 'var'
    t.test.aux: no visible global function definition for 'as.formula'
    t.test.aux: no visible global function definition for 'complete.cases'
    Undefined global functions or variables:
     aggregate anova as.formula complete.cases cov.wt gaussian lm pt
     update var
    Consider adding
     importFrom("stats", "aggregate", "anova", "as.formula",
     "complete.cases", "cov.wt", "gaussian", "lm", "pt",
     "update", "var")
    to your NAMESPACE file.
Flavors: r-devel-linux-x86_64-debian-clang, r-devel-linux-x86_64-debian-gcc, r-devel-linux-x86_64-fedora-clang, r-devel-linux-x86_64-fedora-gcc, r-devel-windows-ix86+x86_64, r-devel-windows-ix86+x86_64-gcc8, r-patched-linux-x86_64, r-patched-solaris-x86, r-release-linux-x86_64, r-release-windows-ix86+x86_64, r-release-osx-x86_64, r-oldrel-windows-ix86+x86_64, r-oldrel-osx-x86_64