CRAN Package Check Results for Package svUnit

Last updated on 2020-01-27 00:48:24 CET.

Flavor Version Tinstall Tcheck Ttotal Status Flags
r-devel-linux-x86_64-debian-clang 0.7-12 3.21 32.11 35.32 NOTE
r-devel-linux-x86_64-debian-gcc 0.7-12 3.16 25.23 28.39 NOTE
r-devel-linux-x86_64-fedora-clang 0.7-12 44.57 NOTE
r-devel-linux-x86_64-fedora-gcc 0.7-12 44.03 NOTE
r-devel-windows-ix86+x86_64 0.7-12 10.00 60.00 70.00 NOTE
r-devel-windows-ix86+x86_64-gcc8 0.7-12 10.00 71.00 81.00 NOTE
r-patched-linux-x86_64 0.7-12 3.09 29.93 33.02 NOTE
r-patched-solaris-x86 0.7-12 56.70 NOTE
r-release-linux-x86_64 0.7-12 2.72 30.12 32.84 NOTE
r-release-windows-ix86+x86_64 0.7-12 5.00 44.00 49.00 NOTE
r-release-osx-x86_64 0.7-12 NOTE
r-oldrel-windows-ix86+x86_64 0.7-12 4.00 54.00 58.00 NOTE
r-oldrel-osx-x86_64 0.7-12 NOTE

Check Details

Version: 0.7-12
Check: DESCRIPTION meta-information
Result: NOTE
    Malformed Description field: should contain one or more complete sentences.
Flavors: r-devel-linux-x86_64-debian-clang, r-devel-linux-x86_64-debian-gcc, r-devel-linux-x86_64-fedora-clang, r-devel-linux-x86_64-fedora-gcc, r-devel-windows-ix86+x86_64, r-devel-windows-ix86+x86_64-gcc8, r-patched-linux-x86_64, r-patched-solaris-x86, r-release-linux-x86_64, r-release-windows-ix86+x86_64, r-release-osx-x86_64, r-oldrel-windows-ix86+x86_64, r-oldrel-osx-x86_64

Version: 0.7-12
Check: dependencies in R code
Result: NOTE
    'library' or 'require' call to 'XML' in package code.
     Please use :: or requireNamespace() instead.
     See section 'Suggested packages' in the 'Writing R Extensions' manual.
Flavors: r-devel-linux-x86_64-debian-clang, r-devel-linux-x86_64-debian-gcc, r-devel-linux-x86_64-fedora-clang, r-devel-linux-x86_64-fedora-gcc, r-devel-windows-ix86+x86_64, r-devel-windows-ix86+x86_64-gcc8, r-patched-linux-x86_64, r-patched-solaris-x86, r-release-linux-x86_64, r-release-windows-ix86+x86_64, r-release-osx-x86_64, r-oldrel-windows-ix86+x86_64, r-oldrel-osx-x86_64

Version: 0.7-12
Check: R code for possible problems
Result: NOTE
    .formatResult : capture.str: no visible global function definition for
     'str'
    createLog: no visible global function definition for 'sessionInfo'
    protocol_junit.svSuiteData: no visible global function definition for
     'xmlNode'
    protocol_junit.svSuiteData: no visible global function definition for
     'addChildren'
    protocol_junit.svSuiteData: no visible global function definition for
     'saveXML'
    protocol_junit.svTestData: no visible global function definition for
     'xmlNode'
    protocol_junit.svTestData: no visible global function definition for
     'addChildren'
    Undefined global functions or variables:
     addChildren saveXML sessionInfo str xmlNode
    Consider adding
     importFrom("utils", "sessionInfo", "str")
    to your NAMESPACE file.
Flavors: r-devel-linux-x86_64-debian-clang, r-devel-linux-x86_64-debian-gcc, r-devel-linux-x86_64-fedora-clang, r-devel-linux-x86_64-fedora-gcc, r-devel-windows-ix86+x86_64, r-devel-windows-ix86+x86_64-gcc8, r-patched-linux-x86_64, r-patched-solaris-x86, r-release-linux-x86_64, r-release-windows-ix86+x86_64, r-release-osx-x86_64, r-oldrel-windows-ix86+x86_64, r-oldrel-osx-x86_64