CRAN Package Check Results for Package survJamda.data

Last updated on 2020-01-27 00:48:24 CET.

Flavor Version Tinstall Tcheck Ttotal Status Flags
r-devel-linux-x86_64-debian-clang 1.0.2 2.18 20.25 22.43 OK
r-devel-linux-x86_64-debian-gcc 1.0.2 1.92 16.41 18.33 OK
r-devel-linux-x86_64-fedora-clang 1.0.2 27.67 NOTE
r-devel-linux-x86_64-fedora-gcc 1.0.2 27.94 OK
r-devel-windows-ix86+x86_64 1.0.2 7.00 41.00 48.00 NOTE
r-devel-windows-ix86+x86_64-gcc8 1.0.2 6.00 39.00 45.00 NOTE
r-patched-linux-x86_64 1.0.2 1.78 19.31 21.09 OK
r-patched-solaris-x86 1.0.2 42.90 NOTE
r-release-linux-x86_64 1.0.2 2.01 19.01 21.02 OK
r-release-windows-ix86+x86_64 1.0.2 5.00 42.00 47.00 NOTE
r-release-osx-x86_64 1.0.2 NOTE
r-oldrel-windows-ix86+x86_64 1.0.2 3.00 27.00 30.00 NOTE
r-oldrel-osx-x86_64 1.0.2 NOTE

Check Details

Version: 1.0.2
Check: installed package size
Result: NOTE
     installed size is 12.2Mb
     sub-directories of 1Mb or more:
     data 12.0Mb
Flavors: r-devel-linux-x86_64-fedora-clang, r-devel-windows-ix86+x86_64, r-devel-windows-ix86+x86_64-gcc8, r-patched-solaris-x86, r-release-windows-ix86+x86_64, r-release-osx-x86_64, r-oldrel-windows-ix86+x86_64, r-oldrel-osx-x86_64

Version: 1.0.2
Check: Rd cross-references
Result: NOTE
    Package unavailable to check Rd xrefs: ‘survJamda’
Flavor: r-release-osx-x86_64