CRAN Package Check Results for Package superml

Last updated on 2020-01-27 00:48:24 CET.

Flavor Version Tinstall Tcheck Ttotal Status Flags
r-devel-linux-x86_64-debian-clang 0.5.0 14.11 53.68 67.79 OK --no-vignettes
r-devel-linux-x86_64-debian-gcc 0.5.0 10.39 36.26 46.65 OK --no-vignettes
r-devel-linux-x86_64-fedora-clang 0.5.0 108.64 OK
r-devel-linux-x86_64-fedora-gcc 0.5.0 99.78 OK
r-devel-windows-ix86+x86_64 0.5.0 25.00 94.00 119.00 OK
r-devel-windows-ix86+x86_64-gcc8 0.5.0 25.00 71.00 96.00 OK
r-patched-linux-x86_64 0.5.0 10.08 42.14 52.22 OK --no-vignettes
r-patched-solaris-x86 0.5.0 162.90 WARN
r-release-linux-x86_64 0.5.0 10.03 42.81 52.84 OK --no-vignettes
r-release-windows-ix86+x86_64 0.5.0 13.00 75.00 88.00 OK
r-release-osx-x86_64 0.5.0 OK
r-oldrel-windows-ix86+x86_64 0.5.0 13.00 66.00 79.00 OK
r-oldrel-osx-x86_64 0.5.0 OK

Check Details

Version: 0.5.0
Check: re-building of vignette outputs
Result: WARN
    Error(s) in re-building vignettes:
     ...
    --- re-building ‘introduction.Rmd’ using rmarkdown
    Warning in engine$weave(file, quiet = quiet, encoding = enc) :
     Pandoc (>= 1.12.3) and/or pandoc-citeproc not available. Falling back to R Markdown v1.
    Error: segfault from C stack overflow
    Execution halted
Flavor: r-patched-solaris-x86