CRAN Package Check Results for Package suddengains

Last updated on 2020-01-27 00:48:24 CET.

Flavor Version Tinstall Tcheck Ttotal Status Flags
r-devel-linux-x86_64-debian-clang 0.4.0 3.98 83.42 87.40 OK
r-devel-linux-x86_64-debian-gcc 0.4.0 3.65 63.28 66.93 OK
r-devel-linux-x86_64-fedora-clang 0.4.0 101.21 OK
r-devel-linux-x86_64-fedora-gcc 0.4.0 99.34 OK
r-devel-windows-ix86+x86_64 0.4.0 10.00 118.00 128.00 OK
r-devel-windows-ix86+x86_64-gcc8 0.4.0 20.00 84.00 104.00 OK
r-patched-linux-x86_64 0.4.0 3.57 74.04 77.61 OK
r-patched-solaris-x86 0.4.0 99.40 WARN
r-release-linux-x86_64 0.4.0 3.33 74.49 77.82 OK
r-release-windows-ix86+x86_64 0.4.0 7.00 85.00 92.00 OK
r-release-osx-x86_64 0.4.0 WARN
r-oldrel-windows-ix86+x86_64 0.4.0 6.00 72.00 78.00 OK
r-oldrel-osx-x86_64 0.4.0 WARN

Check Details

Version: 0.4.0
Check: re-building of vignette outputs
Result: WARN
    Error(s) in re-building vignettes:
     ...
    --- re-building ‘suddengains-tutorial.Rmd’ using rmarkdown
    Warning in engine$weave(file, quiet = quiet, encoding = enc) :
     Pandoc (>= 1.12.3) and/or pandoc-citeproc not available. Falling back to R Markdown v1.
    Quitting from lines 472-479 (suddengains-tutorial.Rmd)
    Error: processing vignette 'suddengains-tutorial.Rmd' failed with diagnostics:
    there is no package called 'webshot'
    --- failed re-building ‘suddengains-tutorial.Rmd’
    
    SUMMARY: processing the following file failed:
     ‘suddengains-tutorial.Rmd’
    
    Error: Vignette re-building failed.
    Execution halted
Flavor: r-patched-solaris-x86

Version: 0.4.0
Check: re-building of vignette outputs
Result: WARN
    Error(s) in re-building vignettes:
     ...
    --- re-building ‘suddengains-tutorial.Rmd’ using rmarkdown
    Warning in engine$weave(file, quiet = quiet, encoding = enc) :
     Pandoc (>= 1.12.3) and/or pandoc-citeproc not available. Falling back to R Markdown v1.
    Quitting from lines 472-479 (suddengains-tutorial.Rmd)
    Error: processing vignette 'suddengains-tutorial.Rmd' failed with diagnostics:
    cannot open the connection
    --- failed re-building ‘suddengains-tutorial.Rmd’
    
    SUMMARY: processing the following file failed:
     ‘suddengains-tutorial.Rmd’
    
    Error: Vignette re-building failed.
    Execution halted
Flavor: r-release-osx-x86_64

Version: 0.4.0
Check: re-building of vignette outputs
Result: WARN
    Error in re-building vignettes:
     ...
    Warning in engine$weave(file, quiet = quiet, encoding = enc) :
     Pandoc (>= 1.12.3) and/or pandoc-citeproc not available. Falling back to R Markdown v1.
    Quitting from lines 472-479 (suddengains-tutorial.Rmd)
    Error: processing vignette 'suddengains-tutorial.Rmd' failed with diagnostics:
    cannot open the connection
    Execution halted
Flavor: r-oldrel-osx-x86_64