CRAN Package Check Results for Package subscreen

Last updated on 2020-01-27 00:48:24 CET.

Flavor Version Tinstall Tcheck Ttotal Status Flags
r-devel-linux-x86_64-debian-clang 2.0.1 3.16 33.82 36.98 OK
r-devel-linux-x86_64-debian-gcc 2.0.1 2.68 27.19 29.87 OK
r-devel-linux-x86_64-fedora-clang 2.0.1 47.01 NOTE
r-devel-linux-x86_64-fedora-gcc 2.0.1 46.80 NOTE
r-devel-windows-ix86+x86_64 2.0.1 23.00 66.00 89.00 OK
r-devel-windows-ix86+x86_64-gcc8 2.0.1 18.00 49.00 67.00 OK
r-patched-linux-x86_64 2.0.1 3.04 31.00 34.04 OK
r-patched-solaris-x86 2.0.1 67.50 NOTE
r-release-linux-x86_64 2.0.1 2.56 30.48 33.04 OK
r-release-windows-ix86+x86_64 2.0.1 7.00 52.00 59.00 OK
r-release-osx-x86_64 2.0.1 NOTE
r-oldrel-windows-ix86+x86_64 2.0.1 4.00 43.00 47.00 OK
r-oldrel-osx-x86_64 2.0.1 NOTE

Check Details

Version: 2.0.1
Check: dependencies in R code
Result: NOTE
    Namespaces in Imports field not imported from:
     ‘DT’ ‘V8’ ‘bsplus’ ‘colourpicker’ ‘dplyr’ ‘grDevices’ ‘graphics’
     ‘jsonlite’ ‘shinyjs’
     All declared Imports should be used.
Flavors: r-devel-linux-x86_64-fedora-clang, r-devel-linux-x86_64-fedora-gcc, r-patched-solaris-x86, r-release-osx-x86_64, r-oldrel-osx-x86_64