CRAN Package Check Results for Package strucchange

Last updated on 2020-01-27 00:48:24 CET.

Flavor Version Tinstall Tcheck Ttotal Status Flags
r-devel-linux-x86_64-debian-clang 1.5-2 9.21 97.41 106.62 NOTE
r-devel-linux-x86_64-debian-gcc 1.5-2 7.97 72.95 80.92 NOTE
r-devel-linux-x86_64-fedora-clang 1.5-2 126.81 NOTE
r-devel-linux-x86_64-fedora-gcc 1.5-2 120.61 NOTE
r-devel-windows-ix86+x86_64 1.5-2 28.00 198.00 226.00 NOTE
r-devel-windows-ix86+x86_64-gcc8 1.5-2 23.00 206.00 229.00 NOTE
r-patched-linux-x86_64 1.5-2 7.85 88.40 96.25 NOTE
r-patched-solaris-x86 1.5-2 149.40 NOTE
r-release-linux-x86_64 1.5-2 7.27 87.43 94.70 NOTE
r-release-windows-ix86+x86_64 1.5-2 17.00 131.00 148.00 NOTE
r-release-osx-x86_64 1.5-2 NOTE
r-oldrel-windows-ix86+x86_64 1.5-2 13.00 157.00 170.00 NOTE
r-oldrel-osx-x86_64 1.5-2 NOTE

Additional issues

rchk

Check Details

Version: 1.5-2
Check: R code for possible problems
Result: NOTE
    efpFunctional: multiple local function definitions for 'plotProcess'
     with different formal arguments
    mefp.efp: multiple local function definitions for 'computeEmpProc' with
     different formal arguments
Flavors: r-devel-linux-x86_64-debian-clang, r-devel-linux-x86_64-debian-gcc, r-devel-linux-x86_64-fedora-clang, r-devel-linux-x86_64-fedora-gcc, r-devel-windows-ix86+x86_64, r-devel-windows-ix86+x86_64-gcc8, r-patched-linux-x86_64, r-patched-solaris-x86, r-release-linux-x86_64, r-release-windows-ix86+x86_64, r-release-osx-x86_64, r-oldrel-windows-ix86+x86_64, r-oldrel-osx-x86_64