CRAN Package Check Results for Package stormwindmodel

Last updated on 2020-01-27 00:48:24 CET.

Flavor Version Tinstall Tcheck Ttotal Status Flags
r-devel-linux-x86_64-debian-clang 0.1.2 5.28 231.74 237.02 OK
r-devel-linux-x86_64-debian-gcc 0.1.2 4.29 164.70 168.99 OK
r-devel-linux-x86_64-fedora-clang 0.1.2 264.20 OK
r-devel-linux-x86_64-fedora-gcc 0.1.2 258.46 OK
r-devel-windows-ix86+x86_64 0.1.2 12.00 264.00 276.00 WARN
r-devel-windows-ix86+x86_64-gcc8 0.1.2 24.00 204.00 228.00 WARN
r-patched-linux-x86_64 0.1.2 4.58 207.80 212.38 OK
r-patched-solaris-x86 0.1.2 386.90 OK
r-release-linux-x86_64 0.1.2 4.15 205.74 209.89 OK
r-release-windows-ix86+x86_64 0.1.2 12.00 193.00 205.00 WARN
r-release-osx-x86_64 0.1.2 OK
r-oldrel-windows-ix86+x86_64 0.1.1 8.00 214.00 222.00 WARN
r-oldrel-osx-x86_64 0.1.2 ERROR

Check Details

Version: 0.1.2
Check: re-building of vignette outputs
Result: WARN
    Error(s) in re-building vignettes:
    --- re-building 'Details.Rmd' using rmarkdown
    
    Attaching package: 'dplyr'
    
    The following objects are masked from 'package:stats':
    
     filter, lag
    
    The following objects are masked from 'package:base':
    
     intersect, setdiff, setequal, union
    
    
    Attaching package: 'gridExtra'
    
    The following object is masked from 'package:dplyr':
    
     combine
    
    Linking to GEOS 3.6.1, GDAL 2.2.3, PROJ 4.9.3
    Warning: Removed 1 rows containing missing values (geom_path).
    Quitting from lines 904-907 (Details.Rmd)
    Error: processing vignette 'Details.Rmd' failed with diagnostics:
    there is no package called 'ggmap'
    --- failed re-building 'Details.Rmd'
    
    --- re-building 'Overview.Rmd' using rmarkdown
    
    Attaching package: 'dplyr'
    
    The following objects are masked from 'package:stats':
    
     filter, lag
    
    The following objects are masked from 'package:base':
    
     intersect, setdiff, setequal, union
    
    To enable
    caching of data, set `options(tigris_use_cache = TRUE)` in your R script or .Rprofile.
    
    Attaching package: 'tigris'
    
    The following object is masked from 'package:graphics':
    
     plot
    
    Loading required package: sp
    rgeos version: 0.5-2, (SVN revision 621)
     GEOS runtime version: 3.6.1-CAPI-1.10.1
     Linking to sp version: 1.3-2
     Polygon checking: TRUE
    
    Linking to GEOS 3.6.1, GDAL 2.2.3, PROJ 4.9.3
    Loading required package: viridisLite
    Warning: Removed 1 rows containing missing values (geom_path).
    --- finished re-building 'Overview.Rmd'
    
    SUMMARY: processing the following file failed:
     'Details.Rmd'
    
    Error: Vignette re-building failed.
    Execution halted
Flavors: r-devel-windows-ix86+x86_64, r-devel-windows-ix86+x86_64-gcc8, r-release-windows-ix86+x86_64

Version: 0.1.1
Check: re-building of vignette outputs
Result: WARN
    Error in re-building vignettes:
     ...
    
    Attaching package: 'dplyr'
    
    The following objects are masked from 'package:stats':
    
     filter, lag
    
    The following objects are masked from 'package:base':
    
     intersect, setdiff, setequal, union
    
    
    Attaching package: 'gridExtra'
    
    The following object is masked from 'package:dplyr':
    
     combine
    
    Linking to GEOS 3.6.1, GDAL 2.2.3, PROJ 4.9.3
    Warning: Removed 1 rows containing missing values (geom_path).
    Quitting from lines 904-907 (Details.Rmd)
    Error: processing vignette 'Details.Rmd' failed with diagnostics:
    there is no package called 'ggthemes'
    Execution halted
Flavor: r-oldrel-windows-ix86+x86_64

Version: 0.1.2
Check: whether package can be installed
Result: ERROR
    Installation failed.
Flavor: r-oldrel-osx-x86_64