Last updated on 2020-01-27 00:48:24 CET.
Flavor | Version | Tinstall | Tcheck | Ttotal | Status | Flags |
---|---|---|---|---|---|---|
r-devel-linux-x86_64-debian-clang | 1.0 | 1.92 | 22.26 | 24.18 | OK | |
r-devel-linux-x86_64-debian-gcc | 1.0 | 1.73 | 17.58 | 19.31 | OK | |
r-devel-linux-x86_64-fedora-clang | 1.0 | 29.74 | NOTE | |||
r-devel-linux-x86_64-fedora-gcc | 1.0 | 29.11 | NOTE | |||
r-devel-windows-ix86+x86_64 | 1.0 | 8.00 | 52.00 | 60.00 | OK | |
r-devel-windows-ix86+x86_64-gcc8 | 1.0 | 6.00 | 58.00 | 64.00 | OK | |
r-patched-linux-x86_64 | 1.0 | 1.61 | 20.04 | 21.65 | OK | |
r-patched-solaris-x86 | 1.0 | 43.80 | NOTE | |||
r-release-linux-x86_64 | 1.0 | 1.48 | 20.20 | 21.68 | OK | |
r-release-windows-ix86+x86_64 | 1.0 | 4.00 | 33.00 | 37.00 | OK | |
r-release-osx-x86_64 | 1.0 | NOTE | ||||
r-oldrel-windows-ix86+x86_64 | 1.0 | 5.00 | 41.00 | 46.00 | OK | |
r-oldrel-osx-x86_64 | 1.0 | NOTE |
Version: 1.0
Check: data for non-ASCII characters
Result: NOTE
Note: found 11969 marked UTF-8 strings
Flavors: r-devel-linux-x86_64-fedora-clang, r-devel-linux-x86_64-fedora-gcc, r-patched-solaris-x86, r-release-osx-x86_64, r-oldrel-osx-x86_64