CRAN Package Check Results for Package statVisual

Last updated on 2020-01-27 00:48:24 CET.

Flavor Version Tinstall Tcheck Ttotal Status Flags
r-devel-linux-x86_64-debian-clang 1.1.9 15.79 200.84 216.63 OK
r-devel-linux-x86_64-debian-gcc 1.1.9 14.81 149.46 164.27 OK
r-devel-linux-x86_64-fedora-clang 1.1.9 249.87 WARN
r-devel-linux-x86_64-fedora-gcc 1.1.9 258.93 NOTE
r-devel-windows-ix86+x86_64 1.1.9 66.00 278.00 344.00 OK
r-devel-windows-ix86+x86_64-gcc8 1.1.9 60.00 211.00 271.00 OK
r-patched-linux-x86_64 1.1.9 14.11 168.44 182.55 OK
r-patched-solaris-x86 1.1.9 306.20 NOTE
r-release-linux-x86_64 1.1.9 13.94 172.97 186.91 OK
r-release-windows-ix86+x86_64 1.1.9 36.00 195.00 231.00 OK
r-release-osx-x86_64 1.1.9 NOTE
r-oldrel-windows-ix86+x86_64 1.1.9 19.00 179.00 198.00 OK
r-oldrel-osx-x86_64 1.1.9 ERROR

Check Details

Version: 1.1.9
Check: package dependencies
Result: WARN
    Imports includes 25 non-default packages.
    Importing from so many packages makes the package vulnerable to any of
    them becoming unavailable. Move as many as possible to Suggests and
    use conditionally.
    
    Requires orphaned package: ‘gplots’
Flavor: r-devel-linux-x86_64-fedora-clang

Version: 1.1.9
Check: dependencies in R code
Result: NOTE
    Namespaces in Imports field not imported from:
     ‘gbm’ ‘ggfortify’ ‘multigroup’ ‘tibble’ ‘tidyverse’
     All declared Imports should be used.
Flavors: r-devel-linux-x86_64-fedora-clang, r-devel-linux-x86_64-fedora-gcc, r-patched-solaris-x86, r-release-osx-x86_64

Version: 1.1.9
Check: package dependencies
Result: ERROR
    Package required but not available: ‘pvca’
    
    See section ‘The DESCRIPTION file’ in the ‘Writing R Extensions’
    manual.
Flavor: r-oldrel-osx-x86_64