CRAN Package Check Results for Package stabledist

Last updated on 2020-01-27 00:48:23 CET.

Flavor Version Tinstall Tcheck Ttotal Status Flags
r-devel-linux-x86_64-debian-clang 0.7-1 2.88 90.22 93.10 OK
r-devel-linux-x86_64-debian-gcc 0.7-1 2.45 64.38 66.83 NOTE
r-devel-linux-x86_64-fedora-clang 0.7-1 109.69 OK
r-devel-linux-x86_64-fedora-gcc 0.7-1 109.20 OK
r-devel-windows-ix86+x86_64 0.7-1 9.00 131.00 140.00 OK
r-devel-windows-ix86+x86_64-gcc8 0.7-1 8.00 137.00 145.00 OK
r-patched-linux-x86_64 0.7-1 2.71 81.15 83.86 OK
r-patched-solaris-x86 0.7-1 119.20 OK
r-release-linux-x86_64 0.7-1 2.51 81.26 83.77 OK
r-release-windows-ix86+x86_64 0.7-1 5.00 90.00 95.00 OK
r-release-osx-x86_64 0.7-1 OK
r-oldrel-windows-ix86+x86_64 0.7-1 3.00 124.00 127.00 OK
r-oldrel-osx-x86_64 0.7-1 OK

Check Details

Version: 0.7-1
Check: package dependencies
Result: NOTE
    Package suggested but not available for checking: ‘sfsmisc’
Flavor: r-devel-linux-x86_64-debian-gcc