Last updated on 2020-01-27 00:48:23 CET.
Flavor | Version | Tinstall | Tcheck | Ttotal | Status | Flags |
---|---|---|---|---|---|---|
r-devel-linux-x86_64-debian-clang | 0.1.1 | 2.97 | 78.19 | 81.16 | OK | |
r-devel-linux-x86_64-debian-gcc | 0.1.1 | 2.25 | 57.64 | 59.89 | OK | |
r-devel-linux-x86_64-fedora-clang | 0.1.1 | 93.32 | NOTE | |||
r-devel-linux-x86_64-fedora-gcc | 0.1.1 | 92.35 | NOTE | |||
r-devel-windows-ix86+x86_64 | 0.1.1 | 13.00 | 117.00 | 130.00 | OK | |
r-devel-windows-ix86+x86_64-gcc8 | 0.1.1 | 12.00 | 87.00 | 99.00 | OK | |
r-patched-linux-x86_64 | 0.1.1 | 2.31 | 70.09 | 72.40 | OK | |
r-patched-solaris-x86 | 0.1.1 | 113.20 | NOTE | |||
r-release-linux-x86_64 | 0.1.1 | 2.35 | 69.48 | 71.83 | OK | |
r-release-windows-ix86+x86_64 | 0.1.1 | 5.00 | 83.00 | 88.00 | OK | |
r-release-osx-x86_64 | 0.1.1 | NOTE | ||||
r-oldrel-osx-x86_64 | 0.1.1 | ERROR |
Version: 0.1.1
Check: dependencies in R code
Result: NOTE
Namespace in Imports field not imported from: ‘e1071’
All declared Imports should be used.
Flavors: r-devel-linux-x86_64-fedora-clang, r-devel-linux-x86_64-fedora-gcc, r-patched-solaris-x86, r-release-osx-x86_64
Version: 0.1.1
Check: whether package can be installed
Result: ERROR
Installation failed.
Flavor: r-oldrel-osx-x86_64