CRAN Package Check Results for Package ssdtools

Last updated on 2020-01-27 00:48:23 CET.

Flavor Version Tinstall Tcheck Ttotal Status Flags
r-devel-linux-x86_64-debian-clang 0.1.0 7.59 141.43 149.02 OK
r-devel-linux-x86_64-debian-gcc 0.1.1 5.64 103.87 109.51 OK
r-devel-linux-x86_64-fedora-clang 0.1.1 172.33 OK
r-devel-linux-x86_64-fedora-gcc 0.1.1 171.50 OK
r-devel-windows-ix86+x86_64 0.1.1 29.00 221.00 250.00 OK
r-devel-windows-ix86+x86_64-gcc8 0.1.0 28.00 241.00 269.00 OK
r-patched-linux-x86_64 0.1.0 5.15 122.64 127.79 OK
r-patched-solaris-x86 0.1.1 239.80 OK
r-release-linux-x86_64 0.1.0 6.25 123.71 129.96 OK
r-release-windows-ix86+x86_64 0.1.0 17.00 166.00 183.00 OK
r-release-osx-x86_64 0.1.0 OK
r-oldrel-windows-ix86+x86_64 0.1.1 18.00 215.00 233.00 OK
r-oldrel-osx-x86_64 0.1.0 ERROR

Check Details

Version: 0.1.0
Check: tests
Result: ERROR
     Running ‘testthat.R’ [21s/21s]
    Running the tests in ‘tests/testthat.R’ failed.
    Last 13 lines of output:
    
     >
     > test_check("ssdtools")
     ── 1. Failure: predict.fitdistscens cis (@test-predict.R#79) ──────────────────
     as.data.frame(...) not equal to structure(...).
     Component "se": Mean relative difference: 2.334596
     Component "lcl": Mean relative difference: 0.6610234
     Component "ucl": Mean relative difference: 2.355789
    
     ══ testthat results ═══════════════════════════════════════════════════════════
     [ OK: 267 | SKIPPED: 0 | WARNINGS: 12 | FAILED: 1 ]
     1. Failure: predict.fitdistscens cis (@test-predict.R#79)
    
     Error: testthat unit tests failed
     Execution halted
Flavor: r-oldrel-osx-x86_64