CRAN Package Check Results for Package squid

Last updated on 2020-01-27 00:48:23 CET.

Flavor Version Tinstall Tcheck Ttotal Status Flags
r-devel-linux-x86_64-debian-clang 0.1.2 3.88 37.87 41.75 OK
r-devel-linux-x86_64-debian-gcc 0.1.2 3.72 28.72 32.44 OK
r-devel-linux-x86_64-fedora-clang 0.1.2 50.10 OK
r-devel-linux-x86_64-fedora-gcc 0.1.2 48.19 OK
r-devel-windows-ix86+x86_64 0.1.2 15.00 73.00 88.00 OK
r-devel-windows-ix86+x86_64-gcc8 0.1.2 18.00 78.00 96.00 OK
r-patched-linux-x86_64 0.1.2 3.01 33.67 36.68 OK
r-patched-solaris-x86 0.1.2 66.50 OK
r-release-linux-x86_64 0.1.2 2.82 33.62 36.44 OK
r-release-windows-ix86+x86_64 0.1.2 8.00 45.00 53.00 OK
r-release-osx-x86_64 0.1.2 OK
r-oldrel-windows-ix86+x86_64 0.1.2 6.00 52.00 58.00 OK
r-oldrel-osx-x86_64 0.1.2 ERROR

Check Details

Version: 0.1.2
Check: package dependencies
Result: ERROR
    Package required and available but unsuitable version: ‘grid’
    
    See section ‘The DESCRIPTION file’ in the ‘Writing R Extensions’
    manual.
Flavor: r-oldrel-osx-x86_64