Last updated on 2020-01-27 00:48:23 CET.
Flavor | Version | Tinstall | Tcheck | Ttotal | Status | Flags |
---|---|---|---|---|---|---|
r-devel-linux-x86_64-debian-clang | 4.1.1 | 38.52 | 684.64 | 723.16 | OK | |
r-devel-linux-x86_64-debian-gcc | 4.1.1 | 34.96 | 512.94 | 547.90 | OK | |
r-devel-linux-x86_64-fedora-clang | 4.1.1 | 830.75 | OK | |||
r-devel-linux-x86_64-fedora-gcc | 4.1.1 | 826.24 | OK | |||
r-devel-windows-ix86+x86_64 | 4.1.1 | 83.00 | 356.00 | 439.00 | OK | --no-vignettes |
r-devel-windows-ix86+x86_64-gcc8 | 4.1.1 | 91.00 | 355.00 | 446.00 | OK | --no-vignettes |
r-patched-linux-x86_64 | 4.1.1 | 30.80 | 630.85 | 661.65 | OK | |
r-patched-solaris-x86 | 4.1.1 | 2972.70 | NOTE | |||
r-release-linux-x86_64 | 4.1.1 | 28.01 | 634.07 | 662.08 | OK | |
r-release-windows-ix86+x86_64 | 4.1.1 | 48.00 | 486.00 | 534.00 | OK | --no-vignettes |
r-release-osx-x86_64 | 4.1.1 | OK | ||||
r-oldrel-windows-ix86+x86_64 | 4.1.1 | 39.00 | 322.00 | 361.00 | OK | --no-vignettes |
r-oldrel-osx-x86_64 | 4.1.1 | OK |
Version: 4.1.1
Check: installed package size
Result: NOTE
installed size is 5.4Mb
sub-directories of 1Mb or more:
doc 2.9Mb
Flavor: r-patched-solaris-x86