CRAN Package Check Results for Package spotGUI

Last updated on 2020-01-27 00:48:23 CET.

Flavor Version Tinstall Tcheck Ttotal Status Flags
r-devel-linux-x86_64-debian-clang 0.2.1 12.56 111.01 123.57 OK
r-devel-linux-x86_64-debian-gcc 0.2.1 11.59 84.97 96.56 OK
r-devel-linux-x86_64-fedora-clang 0.2.1 147.30 OK
r-devel-linux-x86_64-fedora-gcc 0.2.1 142.55 OK
r-devel-windows-ix86+x86_64 0.2.1 52.00 160.00 212.00 OK
r-devel-windows-ix86+x86_64-gcc8 0.2.1 47.00 118.00 165.00 OK
r-patched-linux-x86_64 0.2.1 10.99 97.35 108.34 OK
r-patched-solaris-x86 0.2.1 4.20 ERROR
r-release-linux-x86_64 0.2.1 10.64 97.11 107.75 OK
r-release-windows-ix86+x86_64 0.2.1 30.00 109.00 139.00 OK
r-release-osx-x86_64 0.2.1 OK
r-oldrel-windows-ix86+x86_64 0.2.1 16.00 103.00 119.00 OK
r-oldrel-osx-x86_64 0.2.1 OK

Check Details

Version: 0.2.1
Check: package dependencies
Result: ERROR
    Package required but not available: ‘smoof’
    
    See section ‘The DESCRIPTION file’ in the ‘Writing R Extensions’
    manual.
Flavor: r-patched-solaris-x86