CRAN Package Check Results for Package spfrontier

Last updated on 2020-01-27 00:48:23 CET.

Flavor Version Tinstall Tcheck Ttotal Status Flags
r-devel-linux-x86_64-debian-clang 0.2.5 14.52 112.65 127.17 OK
r-devel-linux-x86_64-debian-gcc 0.2.5 12.35 87.47 99.82 OK
r-devel-linux-x86_64-fedora-clang 0.2.5 155.35 OK
r-devel-linux-x86_64-fedora-gcc 0.2.5 150.20 OK
r-devel-windows-ix86+x86_64 0.2.5 49.00 168.00 217.00 OK
r-devel-windows-ix86+x86_64-gcc8 0.2.5 53.00 213.00 266.00 OK
r-patched-linux-x86_64 0.2.5 10.06 97.89 107.95 OK
r-patched-solaris-x86 0.2.5 214.50 OK
r-release-linux-x86_64 0.2.5 11.89 98.32 110.21 OK
r-release-windows-ix86+x86_64 0.2.5 26.00 114.00 140.00 OK
r-release-osx-x86_64 0.2.5 OK
r-oldrel-windows-ix86+x86_64 0.2.3 15.00 141.00 156.00 OK
r-oldrel-osx-x86_64 0.2.5 ERROR

Check Details

Version: 0.2.5
Check: whether package can be installed
Result: ERROR
    Installation failed.
Flavor: r-oldrel-osx-x86_64