CRAN Package Check Results for Package sperich

Last updated on 2020-01-27 00:48:23 CET.

Flavor Version Tinstall Tcheck Ttotal Status Flags
r-devel-linux-x86_64-debian-clang 1.5-7 3.97 40.51 44.48 NOTE
r-devel-linux-x86_64-debian-gcc 1.5-7 2.63 31.59 34.22 NOTE
r-devel-linux-x86_64-fedora-clang 1.5-7 52.98 WARN
r-devel-linux-x86_64-fedora-gcc 1.5-7 51.44 NOTE
r-devel-windows-ix86+x86_64 1.5-7 13.00 75.00 88.00 OK
r-devel-windows-ix86+x86_64-gcc8 1.5-7 10.00 73.00 83.00 OK
r-patched-linux-x86_64 1.5-7 2.98 36.98 39.96 OK
r-patched-solaris-x86 1.5-7 72.30 OK
r-release-linux-x86_64 1.5-7 3.00 37.25 40.25 OK
r-release-windows-ix86+x86_64 1.5-7 6.00 54.00 60.00 OK
r-release-osx-x86_64 1.5-7 OK
r-oldrel-windows-ix86+x86_64 1.5-7 5.00 62.00 67.00 OK
r-oldrel-osx-x86_64 1.5-7 OK

Check Details

Version: 1.5-7
Check: for non-standard things in the check directory
Result: NOTE
    Found the following files/directories:
     'species.richness.tif'
Flavors: r-devel-linux-x86_64-debian-clang, r-devel-linux-x86_64-debian-gcc, r-devel-linux-x86_64-fedora-clang, r-devel-linux-x86_64-fedora-gcc

Version: 1.5-7
Check: package dependencies
Result: WARN
    Requires orphaned package: ‘SDMTools’
Flavor: r-devel-linux-x86_64-fedora-clang