CRAN Package Check Results for Package spatialfil

Last updated on 2020-01-27 00:48:23 CET.

Flavor Version Tinstall Tcheck Ttotal Status Flags
r-devel-linux-x86_64-debian-clang 0.15 4.66 41.06 45.72 NOTE
r-devel-linux-x86_64-debian-gcc 0.15 4.70 31.82 36.52 NOTE
r-devel-linux-x86_64-fedora-clang 0.15 56.43 NOTE
r-devel-linux-x86_64-fedora-gcc 0.15 55.03 NOTE
r-devel-windows-ix86+x86_64 0.15 16.00 99.00 115.00 NOTE
r-devel-windows-ix86+x86_64-gcc8 0.15 18.00 99.00 117.00 NOTE
r-patched-linux-x86_64 0.15 4.05 36.27 40.32 NOTE
r-patched-solaris-x86 0.15 80.10 NOTE
r-release-linux-x86_64 0.15 4.81 38.09 42.90 NOTE
r-release-windows-ix86+x86_64 0.15 10.00 68.00 78.00 NOTE
r-release-osx-x86_64 0.15 NOTE
r-oldrel-windows-ix86+x86_64 0.15 8.00 91.00 99.00 NOTE
r-oldrel-osx-x86_64 0.15 NOTE

Check Details

Version: 0.15
Check: DESCRIPTION meta-information
Result: NOTE
    Checking should be performed on sources prepared by 'R CMD build'.
Flavors: r-devel-linux-x86_64-debian-clang, r-devel-linux-x86_64-debian-gcc, r-devel-linux-x86_64-fedora-clang, r-devel-linux-x86_64-fedora-gcc, r-devel-windows-ix86+x86_64, r-devel-windows-ix86+x86_64-gcc8, r-patched-linux-x86_64, r-patched-solaris-x86, r-release-linux-x86_64, r-release-windows-ix86+x86_64, r-release-osx-x86_64, r-oldrel-windows-ix86+x86_64, r-oldrel-osx-x86_64

Version: 0.15
Check: line endings in C/C++/Fortran sources/headers
Result: NOTE
    Found the following sources/headers not terminated with a newline:
     src/calc.c
    Some compilers warn on such files.
Flavors: r-devel-linux-x86_64-debian-clang, r-devel-linux-x86_64-debian-gcc, r-devel-linux-x86_64-fedora-clang, r-devel-linux-x86_64-fedora-gcc, r-devel-windows-ix86+x86_64, r-devel-windows-ix86+x86_64-gcc8, r-patched-linux-x86_64, r-patched-solaris-x86, r-release-linux-x86_64, r-release-windows-ix86+x86_64, r-release-osx-x86_64

Version: 0.15
Check: compiled code
Result: NOTE
    File ‘spatialfil/libs/spatialfil.so’:
     Found no calls to: ‘R_registerRoutines’, ‘R_useDynamicSymbols’
    
    It is good practice to register native routines and to disable symbol
    search.
    
    See ‘Writing portable packages’ in the ‘Writing R Extensions’ manual.
Flavors: r-devel-linux-x86_64-fedora-clang, r-devel-linux-x86_64-fedora-gcc