Last updated on 2020-01-27 00:48:23 CET.
Flavor | Version | Tinstall | Tcheck | Ttotal | Status | Flags |
---|---|---|---|---|---|---|
r-devel-linux-x86_64-debian-clang | 0.0.7 | 4.87 | 51.90 | 56.77 | OK | |
r-devel-linux-x86_64-debian-gcc | 0.0.7 | 2.94 | 40.00 | 42.94 | OK | |
r-devel-linux-x86_64-fedora-clang | 0.0.7 | 67.37 | OK | |||
r-devel-linux-x86_64-fedora-gcc | 0.0.7 | 66.04 | OK | |||
r-devel-windows-ix86+x86_64 | 0.0.7 | 12.00 | 84.00 | 96.00 | OK | |
r-devel-windows-ix86+x86_64-gcc8 | 0.0.7 | 11.00 | 84.00 | 95.00 | OK | |
r-patched-linux-x86_64 | 0.0.7 | 2.99 | 46.13 | 49.12 | OK | |
r-patched-solaris-x86 | 0.0.7 | 80.40 | OK | |||
r-release-linux-x86_64 | 0.0.7 | 3.84 | 45.74 | 49.58 | OK | |
r-release-windows-ix86+x86_64 | 0.0.7 | 7.00 | 55.00 | 62.00 | OK | |
r-release-osx-x86_64 | 0.0.7 | OK | ||||
r-oldrel-windows-ix86+x86_64 | 0.0.7 | 5.00 | 67.00 | 72.00 | OK | |
r-oldrel-osx-x86_64 | 0.0.7 | NOTE |
Version: 0.0.7
Check: package dependencies
Result: NOTE
Package suggested but not available for checking: ‘RCy3’
Flavor: r-oldrel-osx-x86_64
Version: 0.0.7
Check: Rd cross-references
Result: NOTE
Package unavailable to check Rd xrefs: ‘RCy3’
Flavor: r-oldrel-osx-x86_64