CRAN Package Check Results for Package sparklyr

Last updated on 2020-01-27 00:48:23 CET.

Flavor Version Tinstall Tcheck Ttotal Status Flags
r-devel-linux-x86_64-debian-clang 1.1.0 27.04 134.74 161.78 OK
r-devel-linux-x86_64-debian-gcc 1.1.0 25.17 102.24 127.41 OK
r-devel-linux-x86_64-fedora-clang 1.1.0 193.64 NOTE
r-devel-linux-x86_64-fedora-gcc 1.1.0 188.32 OK
r-devel-windows-ix86+x86_64 1.1.0 52.00 192.00 244.00 OK
r-devel-windows-ix86+x86_64-gcc8 1.1.0 71.00 228.00 299.00 OK
r-patched-linux-x86_64 1.1.0 22.63 117.66 140.29 OK
r-patched-solaris-x86 1.1.0 210.40 NOTE
r-release-linux-x86_64 1.1.0 20.97 122.50 143.47 OK
r-release-windows-ix86+x86_64 1.1.0 36.00 130.00 166.00 OK
r-release-osx-x86_64 1.1.0 OK
r-oldrel-windows-ix86+x86_64 1.1.0 35.00 121.00 156.00 OK
r-oldrel-osx-x86_64 1.1.0 OK

Check Details

Version: 1.1.0
Check: package dependencies
Result: NOTE
    Imports includes 23 non-default packages.
    Importing from so many packages makes the package vulnerable to any of
    them becoming unavailable. Move as many as possible to Suggests and
    use conditionally.
Flavor: r-devel-linux-x86_64-fedora-clang

Version: 1.1.0
Check: installed package size
Result: NOTE
     installed size is 5.5Mb
     sub-directories of 1Mb or more:
     R 1.4Mb
     java 3.0Mb
Flavor: r-patched-solaris-x86