CRAN Package Check Results for Package spBFA

Last updated on 2020-01-27 00:48:23 CET.

Flavor Version Tinstall Tcheck Ttotal Status Flags
r-devel-linux-x86_64-debian-clang 1.0 223.98 77.70 301.68 OK
r-devel-linux-x86_64-debian-gcc 1.0 163.61 60.53 224.14 OK
r-devel-linux-x86_64-fedora-clang 1.0 426.91 NOTE
r-devel-linux-x86_64-fedora-gcc 1.0 405.94 OK
r-devel-windows-ix86+x86_64 1.0 542.00 154.00 696.00 NOTE
r-devel-windows-ix86+x86_64-gcc8 1.0 606.00 118.00 724.00 NOTE
r-patched-linux-x86_64 1.0 186.82 69.55 256.37 OK
r-patched-solaris-x86 1.0 366.70 NOTE
r-release-linux-x86_64 1.0 185.06 69.78 254.84 OK
r-release-windows-ix86+x86_64 1.0 395.00 111.00 506.00 NOTE
r-release-osx-x86_64 1.0 NOTE
r-oldrel-windows-ix86+x86_64 1.0 323.00 96.00 419.00 NOTE
r-oldrel-osx-x86_64 1.0 NOTE

Check Details

Version: 1.0
Check: installed package size
Result: NOTE
     installed size is 16.6Mb
     sub-directories of 1Mb or more:
     data 5.6Mb
     libs 10.4Mb
Flavors: r-devel-linux-x86_64-fedora-clang, r-devel-windows-ix86+x86_64, r-devel-windows-ix86+x86_64-gcc8, r-patched-solaris-x86, r-release-windows-ix86+x86_64, r-release-osx-x86_64, r-oldrel-windows-ix86+x86_64, r-oldrel-osx-x86_64