Last updated on 2020-01-27 00:48:23 CET.
Flavor | Version | Tinstall | Tcheck | Ttotal | Status | Flags |
---|---|---|---|---|---|---|
r-devel-linux-x86_64-debian-clang | 1.1.1 | 2.05 | 17.67 | 19.72 | NOTE | |
r-devel-linux-x86_64-debian-gcc | 1.1.1 | 1.54 | 14.43 | 15.97 | NOTE | |
r-devel-linux-x86_64-fedora-clang | 1.1.1 | 25.48 | NOTE | |||
r-devel-linux-x86_64-fedora-gcc | 1.1.1 | 24.75 | NOTE | |||
r-devel-windows-ix86+x86_64 | 1.1.1 | 7.00 | 45.00 | 52.00 | NOTE | |
r-devel-windows-ix86+x86_64-gcc8 | 1.1.1 | 7.00 | 41.00 | 48.00 | NOTE | |
r-patched-linux-x86_64 | 1.1.1 | 1.51 | 16.73 | 18.24 | NOTE | |
r-patched-solaris-x86 | 1.1.1 | 36.30 | NOTE | |||
r-release-linux-x86_64 | 1.1.1 | 1.56 | 16.89 | 18.45 | NOTE | |
r-release-windows-ix86+x86_64 | 1.1.1 | 3.00 | 30.00 | 33.00 | NOTE | |
r-release-osx-x86_64 | 1.1.1 | NOTE | ||||
r-oldrel-windows-ix86+x86_64 | 1.1.1 | 2.00 | 41.00 | 43.00 | NOTE | |
r-oldrel-osx-x86_64 | 1.1.1 | NOTE |
Version: 1.1.1
Check: R code for possible problems
Result: NOTE
plot.soma: no visible global function definition for 'plot'
soma: no visible global function definition for 'runif'
Undefined global functions or variables:
plot runif
Consider adding
importFrom("graphics", "plot")
importFrom("stats", "runif")
to your NAMESPACE file.
Flavors: r-devel-linux-x86_64-debian-clang, r-devel-linux-x86_64-debian-gcc, r-devel-linux-x86_64-fedora-clang, r-devel-linux-x86_64-fedora-gcc, r-devel-windows-ix86+x86_64, r-devel-windows-ix86+x86_64-gcc8, r-patched-linux-x86_64, r-patched-solaris-x86, r-release-linux-x86_64, r-release-windows-ix86+x86_64, r-release-osx-x86_64, r-oldrel-windows-ix86+x86_64, r-oldrel-osx-x86_64