CRAN Package Check Results for Package solitude

Last updated on 2020-01-27 00:48:23 CET.

Flavor Version Tinstall Tcheck Ttotal Status Flags
r-devel-linux-x86_64-debian-clang 0.2.1 3.45 30.69 34.14 OK
r-devel-linux-x86_64-debian-gcc 0.2.1 2.40 23.90 26.30 OK
r-devel-linux-x86_64-fedora-clang 0.2.1 41.38 NOTE
r-devel-linux-x86_64-fedora-gcc 0.2.1 39.54 NOTE
r-devel-windows-ix86+x86_64 0.2.1 10.00 55.00 65.00 OK
r-devel-windows-ix86+x86_64-gcc8 0.2.1 9.00 55.00 64.00 OK
r-patched-linux-x86_64 0.2.1 2.35 27.56 29.91 OK
r-patched-solaris-x86 0.2.1 60.60 NOTE
r-release-linux-x86_64 0.2.1 2.65 27.27 29.92 OK
r-release-windows-ix86+x86_64 0.2.1 5.00 39.00 44.00 OK
r-release-osx-x86_64 0.2.1 NOTE
r-oldrel-windows-ix86+x86_64 0.2.1 3.00 43.00 46.00 OK
r-oldrel-osx-x86_64 0.2.1 NOTE

Check Details

Version: 0.2.1
Check: dependencies in R code
Result: NOTE
    Namespace in Imports field not imported from: ‘R6’
     All declared Imports should be used.
Flavors: r-devel-linux-x86_64-fedora-clang, r-devel-linux-x86_64-fedora-gcc, r-patched-solaris-x86, r-release-osx-x86_64, r-oldrel-osx-x86_64