CRAN Package Check Results for Package snplist

Last updated on 2020-01-27 00:48:23 CET.

Flavor Version Tinstall Tcheck Ttotal Status Flags
r-devel-linux-x86_64-debian-clang 0.18.1 25.45 149.08 174.53 NOTE
r-devel-linux-x86_64-debian-gcc 0.18.1 19.17 112.41 131.58 NOTE
r-devel-linux-x86_64-fedora-clang 0.18.1 214.88 NOTE
r-devel-linux-x86_64-fedora-gcc 0.18.1 208.77 NOTE
r-devel-windows-ix86+x86_64 0.18.1 81.00 267.00 348.00 OK
r-devel-windows-ix86+x86_64-gcc8 0.18.1 76.00 206.00 282.00 OK
r-patched-linux-x86_64 0.18.1 19.37 124.98 144.35 OK
r-patched-solaris-x86 0.18.1 269.40 OK
r-release-linux-x86_64 0.18.1 19.44 124.44 143.88 OK
r-release-windows-ix86+x86_64 0.18.1 49.00 189.00 238.00 OK
r-release-osx-x86_64 0.18.1 OK
r-oldrel-windows-ix86+x86_64 0.18.1 33.00 162.00 195.00 OK
r-oldrel-osx-x86_64 0.18.1 OK

Check Details

Version: 0.18.1
Check: for non-standard things in the check directory
Result: NOTE
    Found the following files/directories:
     'geneSet.set' 'snplistdb.sqlite'
Flavors: r-devel-linux-x86_64-debian-clang, r-devel-linux-x86_64-debian-gcc, r-devel-linux-x86_64-fedora-clang, r-devel-linux-x86_64-fedora-gcc