Last updated on 2020-01-27 00:48:23 CET.
Flavor | Version | Tinstall | Tcheck | Ttotal | Status | Flags |
---|---|---|---|---|---|---|
r-devel-linux-x86_64-debian-clang | 0.11.0 | 3.05 | 35.23 | 38.28 | OK | |
r-devel-linux-x86_64-debian-gcc | 0.11.0 | 2.20 | 27.91 | 30.11 | OK | |
r-devel-linux-x86_64-fedora-clang | 0.11.0 | 48.16 | OK | |||
r-devel-linux-x86_64-fedora-gcc | 0.11.0 | 47.83 | OK | |||
r-devel-windows-ix86+x86_64 | 0.11.0 | 11.00 | 72.00 | 83.00 | WARN | |
r-devel-windows-ix86+x86_64-gcc8 | 0.11.0 | 9.00 | 52.00 | 61.00 | WARN | |
r-patched-linux-x86_64 | 0.11.0 | 2.31 | 32.69 | 35.00 | OK | |
r-patched-solaris-x86 | 0.11.0 | 83.90 | OK | |||
r-release-linux-x86_64 | 0.11.0 | 2.47 | 32.69 | 35.16 | OK | |
r-release-windows-ix86+x86_64 | 0.11.0 | 4.00 | 52.00 | 56.00 | OK | |
r-release-osx-x86_64 | 0.11.0 | OK | ||||
r-oldrel-windows-ix86+x86_64 | 0.11.0 | 3.00 | 46.00 | 49.00 | OK | |
r-oldrel-osx-x86_64 | 0.11.0 | OK |
Version: 0.11.0
Check: R files for syntax errors
Result: WARN
Warnings in file 'R/replace_special_characters_internal.R':
unable to translate '<U+00C4>' to native encoding
unable to translate '<U+00D6>' to native encoding
unable to translate '<U+00DC>' to native encoding
unable to translate '<U+00E4>' to native encoding
unable to translate '<U+00F6>' to native encoding
unable to translate '<U+00FC>' to native encoding
unable to translate '<U+00DF>' to native encoding
unable to translate '<U+00C6>' to native encoding
unable to translate '<U+00E6>' to native encoding
unable to translate '<U+00D8>' to native encoding
unable to translate '<U+00F8>' to native encoding
unable to translate '<U+00C5>' to native encoding
unable to translate '<U+00E5>' to native encoding
unable to translate '<U+00C6>' to native encoding
unable to translate '<U+00E6>' to native encoding
unable to translate '<U+00D8>' to native encoding
unable to translate '<U+00F8>' to native encoding
unable to translate '<U+00C6>' to native encoding
unable to translate '<U+00E6>' to native encoding
unable to translate '<U+00D8>' to native encoding
unable to translate '<U+00F8>' to native encoding
unable to translate '<U+00C5>' to native encoding
unable to translate '<U+00E5>' to native encoding
Flavors: r-devel-windows-ix86+x86_64, r-devel-windows-ix86+x86_64-gcc8