CRAN Package Check Results for Package smartdata

Last updated on 2020-01-27 00:48:23 CET.

Flavor Version Tinstall Tcheck Ttotal Status Flags
r-devel-linux-x86_64-debian-clang 1.0.3 9.29 286.70 295.99 OK
r-devel-linux-x86_64-debian-gcc 1.0.3 8.59 204.88 213.47 OK
r-devel-linux-x86_64-fedora-clang 1.0.3 344.37 NOTE
r-devel-linux-x86_64-fedora-gcc 1.0.3 336.08 NOTE
r-devel-windows-ix86+x86_64 1.0.3 62.00 384.00 446.00 OK
r-devel-windows-ix86+x86_64-gcc8 1.0.3 62.00 275.00 337.00 OK
r-patched-linux-x86_64 1.0.3 9.53 243.94 253.47 OK
r-release-linux-x86_64 1.0.3 8.52 245.90 254.42 OK
r-release-windows-ix86+x86_64 1.0.3 25.00 261.00 286.00 OK
r-release-osx-x86_64 1.0.3 NOTE
r-oldrel-windows-ix86+x86_64 1.0.3 15.00 246.00 261.00 OK
r-oldrel-osx-x86_64 1.0.3 NOTE

Check Details

Version: 1.0.3
Check: package dependencies
Result: NOTE
    Imports includes 23 non-default packages.
    Importing from so many packages makes the package vulnerable to any of
    them becoming unavailable. Move as many as possible to Suggests and
    use conditionally.
Flavor: r-devel-linux-x86_64-fedora-clang

Version: 1.0.3
Check: dependencies in R code
Result: NOTE
    Namespaces in Imports field not imported from:
     ‘Amelia’ ‘Boruta’ ‘DMwR’ ‘MVN’ ‘NoiseFiltersR’ ‘VIM’ ‘adaptiveGPCA’
     ‘class’ ‘clusterSim’ ‘denoiseR’ ‘discretization’ ‘imbalance’ ‘lle’
     ‘missForest’ ‘missMDA’ ‘outliers’ ‘unbalanced’
     All declared Imports should be used.
Flavors: r-devel-linux-x86_64-fedora-clang, r-devel-linux-x86_64-fedora-gcc, r-release-osx-x86_64, r-oldrel-osx-x86_64