CRAN Package Check Results for Package smacof

Last updated on 2020-01-27 00:48:23 CET.

Flavor Version Tinstall Tcheck Ttotal Status Flags
r-devel-linux-x86_64-debian-clang 2.0-0 24.99 400.43 425.42 OK
r-devel-linux-x86_64-debian-gcc 2.0-0 17.09 287.01 304.10 OK
r-devel-linux-x86_64-fedora-clang 2.0-0 489.78 NOTE
r-devel-linux-x86_64-fedora-gcc 2.0-0 483.88 NOTE
r-devel-windows-ix86+x86_64 2.0-0 84.00 619.00 703.00 OK
r-devel-windows-ix86+x86_64-gcc8 2.0-0 87.00 484.00 571.00 OK
r-patched-linux-x86_64 2.0-0 15.01 339.72 354.73 OK
r-patched-solaris-x86 2.0-0 588.70 NOTE
r-release-linux-x86_64 2.0-0 16.38 346.58 362.96 OK
r-release-windows-ix86+x86_64 2.0-0 42.00 430.00 472.00 OK
r-release-osx-x86_64 2.0-0 NOTE
r-oldrel-windows-ix86+x86_64 2.0-0 32.00 377.00 409.00 OK
r-oldrel-osx-x86_64 2.0-0 NOTE

Check Details

Version: 2.0-0
Check: data for non-ASCII characters
Result: NOTE
     Note: found 15 marked Latin-1 strings
     Note: found 2 marked UTF-8 strings
Flavors: r-devel-linux-x86_64-fedora-clang, r-devel-linux-x86_64-fedora-gcc, r-patched-solaris-x86, r-release-osx-x86_64, r-oldrel-osx-x86_64