CRAN Package Check Results for Package sjstats

Last updated on 2020-01-27 00:48:23 CET.

Flavor Version Tinstall Tcheck Ttotal Status Flags
r-devel-linux-x86_64-debian-clang 0.17.8 14.99 180.70 195.69 NOTE
r-devel-linux-x86_64-debian-gcc 0.17.8 14.63 134.40 149.03 NOTE
r-devel-linux-x86_64-fedora-clang 0.17.8 235.59 NOTE
r-devel-linux-x86_64-fedora-gcc 0.17.8 234.06 NOTE
r-devel-windows-ix86+x86_64 0.17.8 46.00 254.00 300.00 OK
r-devel-windows-ix86+x86_64-gcc8 0.17.7 56.00 207.00 263.00 OK
r-patched-linux-x86_64 0.17.8 13.37 160.23 173.60 NOTE
r-patched-solaris-x86 0.17.8 295.00 NOTE
r-release-linux-x86_64 0.17.8 12.60 157.55 170.15 NOTE
r-release-windows-ix86+x86_64 0.17.8 27.00 198.00 225.00 OK
r-release-osx-x86_64 0.17.8 OK
r-oldrel-windows-ix86+x86_64 0.17.8 29.00 248.00 277.00 OK
r-oldrel-osx-x86_64 0.17.8 OK

Check Details

Version: 0.17.8
Check: package dependencies
Result: NOTE
    Package suggested but not available for checking: 'rstanarm'
Flavors: r-devel-linux-x86_64-debian-clang, r-devel-linux-x86_64-debian-gcc, r-devel-linux-x86_64-fedora-clang, r-devel-linux-x86_64-fedora-gcc, r-patched-linux-x86_64, r-patched-solaris-x86, r-release-linux-x86_64