CRAN Package Check Results for Package sjlabelled

Last updated on 2020-01-27 00:48:23 CET.

Flavor Version Tinstall Tcheck Ttotal Status Flags
r-devel-linux-x86_64-debian-clang 1.1.2 5.58 60.42 66.00 OK
r-devel-linux-x86_64-debian-gcc 1.1.2 5.46 46.17 51.63 WARN
r-devel-linux-x86_64-fedora-clang 1.1.2 79.63 WARN
r-devel-linux-x86_64-fedora-gcc 1.1.2 84.19 WARN
r-devel-windows-ix86+x86_64 1.1.2 18.00 105.00 123.00 OK
r-devel-windows-ix86+x86_64-gcc8 1.1.2 18.00 108.00 126.00 OK
r-patched-linux-x86_64 1.1.2 5.70 53.47 59.17 WARN
r-patched-solaris-x86 1.1.2 99.00 WARN
r-release-linux-x86_64 1.1.2 5.40 52.90 58.30 WARN
r-release-windows-ix86+x86_64 1.1.2 9.00 68.00 77.00 WARN
r-release-osx-x86_64 1.1.2 OK
r-oldrel-windows-ix86+x86_64 1.1.2 8.00 65.00 73.00 OK
r-oldrel-osx-x86_64 1.1.2 OK

Check Details

Version: 1.1.2
Check: Rd cross-references
Result: WARN
    Missing link or links in documentation object 'tidy_labels.Rd':
     ‘[sjPlot]{sjp.xtab}’
    
    See section 'Cross-references' in the 'Writing R Extensions' manual.
Flavors: r-devel-linux-x86_64-debian-gcc, r-devel-linux-x86_64-fedora-clang, r-devel-linux-x86_64-fedora-gcc, r-patched-linux-x86_64, r-patched-solaris-x86, r-release-linux-x86_64, r-release-windows-ix86+x86_64