CRAN Package Check Results for Package sjPlot

Last updated on 2020-01-27 00:48:23 CET.

Flavor Version Tinstall Tcheck Ttotal Status Flags
r-devel-linux-x86_64-debian-clang 2.8.1 25.37 521.62 546.99 NOTE
r-devel-linux-x86_64-debian-gcc 2.8.2 23.66 382.31 405.97 NOTE
r-devel-linux-x86_64-fedora-clang 2.8.2 629.20 NOTE
r-devel-linux-x86_64-fedora-gcc 2.8.2 631.61 NOTE
r-devel-windows-ix86+x86_64 2.8.2 50.00 559.00 609.00 OK
r-devel-windows-ix86+x86_64-gcc8 2.8.1 75.00 493.00 568.00 OK
r-patched-linux-x86_64 2.8.2 23.55 447.77 471.32 NOTE
r-patched-solaris-x86 2.8.2 710.10 NOTE
r-release-linux-x86_64 2.8.2 21.09 450.17 471.26 NOTE
r-release-windows-ix86+x86_64 2.8.2 35.00 450.00 485.00 OK
r-release-osx-x86_64 2.8.1 OK
r-oldrel-windows-ix86+x86_64 2.8.2 64.00 531.00 595.00 OK
r-oldrel-osx-x86_64 2.8.1 OK

Check Details

Version: 2.8.1
Check: package dependencies
Result: NOTE
    Package suggested but not available for checking: 'rstanarm'
Flavor: r-devel-linux-x86_64-debian-clang

Version: 2.8.2
Check: package dependencies
Result: NOTE
    Package suggested but not available for checking: ‘rstanarm’
Flavors: r-devel-linux-x86_64-debian-gcc, r-devel-linux-x86_64-fedora-clang, r-devel-linux-x86_64-fedora-gcc, r-patched-linux-x86_64, r-patched-solaris-x86, r-release-linux-x86_64