Last updated on 2020-01-27 00:48:23 CET.
Flavor | Version | Tinstall | Tcheck | Ttotal | Status | Flags |
---|---|---|---|---|---|---|
r-devel-linux-x86_64-debian-clang | 0.46 | 17.39 | 121.48 | 138.87 | OK | |
r-devel-linux-x86_64-debian-gcc | 0.46 | 15.07 | 93.38 | 108.45 | OK | |
r-devel-linux-x86_64-fedora-clang | 0.46 | 162.50 | OK | |||
r-devel-linux-x86_64-fedora-gcc | 0.46 | 160.54 | OK | |||
r-devel-windows-ix86+x86_64 | 0.46 | 35.00 | 168.00 | 203.00 | OK | |
r-devel-windows-ix86+x86_64-gcc8 | 0.46 | 34.00 | 177.00 | 211.00 | OK | |
r-patched-linux-x86_64 | 0.46 | 12.87 | 106.24 | 119.11 | OK | |
r-patched-solaris-x86 | 0.46 | 201.30 | OK | |||
r-release-linux-x86_64 | 0.46 | 13.24 | 107.12 | 120.36 | OK | |
r-release-windows-ix86+x86_64 | 0.46 | 22.00 | 111.00 | 133.00 | OK | |
r-release-osx-x86_64 | 0.46 | NOTE | ||||
r-oldrel-windows-ix86+x86_64 | 0.46 | 19.00 | 128.00 | 147.00 | OK | |
r-oldrel-osx-x86_64 | 0.46 | OK |
Version: 0.46
Check: package dependencies
Result: NOTE
Packages suggested but not available for checking: 'graph', 'Rgraphviz'
Flavor: r-release-osx-x86_64
Version: 0.46
Check: Rd cross-references
Result: NOTE
Packages unavailable to check Rd xrefs: ‘Rgraphviz’, ‘graph’
Flavor: r-release-osx-x86_64