CRAN Package Check Results for Package simrel

Last updated on 2020-01-27 00:48:23 CET.

Flavor Version Tinstall Tcheck Ttotal Status Flags
r-devel-linux-x86_64-debian-clang 2.0 9.25 88.60 97.85 OK
r-devel-linux-x86_64-debian-gcc 2.0 0.48 1.92 2.40 ERROR
r-devel-linux-x86_64-fedora-clang 2.0 115.09 OK
r-devel-linux-x86_64-fedora-gcc 2.0 114.12 OK
r-devel-windows-ix86+x86_64 2.0 25.00 138.00 163.00 OK
r-devel-windows-ix86+x86_64-gcc8 2.0 41.00 106.00 147.00 OK
r-patched-linux-x86_64 2.0 6.65 77.68 84.33 OK
r-patched-solaris-x86 2.0 160.10 OK
r-release-linux-x86_64 2.0 9.14 77.79 86.93 OK
r-release-windows-ix86+x86_64 2.0 17.00 102.00 119.00 OK
r-release-osx-x86_64 2.0 OK
r-oldrel-windows-ix86+x86_64 2.0 11.00 86.00 97.00 OK
r-oldrel-osx-x86_64 2.0 OK

Check Details

Version: 2.0
Check: package dependencies
Result: ERROR
    Packages required but not available: 'FrF2', 'sfsmisc'
    
    See section ‘The DESCRIPTION file’ in the ‘Writing R Extensions’
    manual.
Flavor: r-devel-linux-x86_64-debian-gcc