CRAN Package Check Results for Package simglm

Last updated on 2020-01-27 00:48:23 CET.

Flavor Version Tinstall Tcheck Ttotal Status Flags
r-devel-linux-x86_64-debian-clang 0.7.4 13.20 346.26 359.46 OK
r-devel-linux-x86_64-debian-gcc 0.7.4 11.69 256.63 268.32 OK
r-devel-linux-x86_64-fedora-clang 0.7.4 419.73 OK
r-devel-linux-x86_64-fedora-gcc 0.7.4 412.19 OK
r-devel-windows-ix86+x86_64 0.7.4 59.00 443.00 502.00 WARN
r-devel-windows-ix86+x86_64-gcc8 0.7.4 43.00 343.00 386.00 OK
r-patched-linux-x86_64 0.7.4 11.36 309.31 320.67 OK
r-patched-solaris-x86 0.7.4 404.20 WARN
r-release-linux-x86_64 0.7.4 11.71 305.68 317.39 OK
r-release-windows-ix86+x86_64 0.7.4 24.00 308.00 332.00 OK
r-release-osx-x86_64 0.7.4 OK
r-oldrel-windows-ix86+x86_64 0.7.4 12.00 291.00 303.00 OK
r-oldrel-osx-x86_64 0.7.4 OK

Check Details

Version: 0.7.4
Check: re-building of vignette outputs
Result: WARN
    Error(s) in re-building vignettes:
    --- re-building 'GeneralizedModels_legacy.Rmd' using rmarkdown
    --- finished re-building 'GeneralizedModels_legacy.Rmd'
    
    --- re-building 'Intro_legacy.Rmd' using rmarkdown
    --- finished re-building 'Intro_legacy.Rmd'
    
    --- re-building 'Power_legacy.Rmd' using rmarkdown
    --- finished re-building 'Power_legacy.Rmd'
    
    --- re-building 'simulation_arguments.Rmd' using rmarkdown
    --- finished re-building 'simulation_arguments.Rmd'
    
    Warning in file(con, "r") :
     cannot open file 'D:\temp\Rtmpgz04m2\file2ed2472887d3e': Permission denied
    Error in file(con, "r") : cannot open the connection
    Calls: <Anonymous> -> readLines -> file
    Execution halted
Flavor: r-devel-windows-ix86+x86_64

Version: 0.7.4
Check: re-building of vignette outputs
Result: WARN
    Error(s) in re-building vignettes:
     ...
    --- re-building ‘GeneralizedModels_legacy.Rmd’ using rmarkdown
    Warning in engine$weave(file, quiet = quiet, encoding = enc) :
     Pandoc (>= 1.12.3) and/or pandoc-citeproc not available. Falling back to R Markdown v1.
    --- finished re-building ‘GeneralizedModels_legacy.Rmd’
    
    --- re-building ‘Intro_legacy.Rmd’ using rmarkdown
    Warning in engine$weave(file, quiet = quiet, encoding = enc) :
     Pandoc (>= 1.12.3) and/or pandoc-citeproc not available. Falling back to R Markdown v1.
    --- finished re-building ‘Intro_legacy.Rmd’
    
    --- re-building ‘Power_legacy.Rmd’ using rmarkdown
    Warning in engine$weave(file, quiet = quiet, encoding = enc) :
     Pandoc (>= 1.12.3) and/or pandoc-citeproc not available. Falling back to R Markdown v1.
    Quitting from lines 53-54 (Power_legacy.Rmd)
    Error: processing vignette 'Power_legacy.Rmd' failed with diagnostics:
    `levels.vctrs_list_of()` not supported.
    --- failed re-building ‘Power_legacy.Rmd’
    
    --- re-building ‘simulation_arguments.Rmd’ using rmarkdown
    Warning in engine$weave(file, quiet = quiet, encoding = enc) :
     Pandoc (>= 1.12.3) and/or pandoc-citeproc not available. Falling back to R Markdown v1.
    --- finished re-building ‘simulation_arguments.Rmd’
    
    --- re-building ‘tidy_simulation.Rmd’ using rmarkdown
    Warning in engine$weave(file, quiet = quiet, encoding = enc) :
     Pandoc (>= 1.12.3) and/or pandoc-citeproc not available. Falling back to R Markdown v1.
    --- finished re-building ‘tidy_simulation.Rmd’
    
    --- re-building ‘unbalanced_legacy.Rmd’ using rmarkdown
    Warning in engine$weave(file, quiet = quiet, encoding = enc) :
     Pandoc (>= 1.12.3) and/or pandoc-citeproc not available. Falling back to R Markdown v1.
    --- finished re-building ‘unbalanced_legacy.Rmd’
    
    SUMMARY: processing the following file failed:
     ‘Power_legacy.Rmd’
    
    Error: Vignette re-building failed.
    Execution halted
Flavor: r-patched-solaris-x86