CRAN Package Check Results for Package simPop

Last updated on 2020-01-27 00:48:23 CET.

Flavor Version Tinstall Tcheck Ttotal Status Flags
r-devel-linux-x86_64-debian-clang 1.2.0 82.18 181.58 263.76 OK
r-devel-linux-x86_64-debian-gcc 1.2.0 57.32 136.48 193.80 OK
r-devel-linux-x86_64-fedora-clang 1.2.0 321.15 NOTE
r-devel-linux-x86_64-fedora-gcc 1.2.0 312.38 OK
r-devel-windows-ix86+x86_64 1.2.0 230.00 394.00 624.00 OK
r-devel-windows-ix86+x86_64-gcc8 1.2.0 223.00 287.00 510.00 NOTE
r-patched-linux-x86_64 1.2.0 61.40 157.61 219.01 OK
r-patched-solaris-x86 1.2.0 379.10 OK
r-release-linux-x86_64 1.2.0 61.74 156.41 218.15 OK
r-release-windows-ix86+x86_64 1.2.0 131.00 256.00 387.00 OK
r-release-osx-x86_64 1.2.0 OK
r-oldrel-windows-ix86+x86_64 1.2.0 108.00 278.00 386.00 OK
r-oldrel-osx-x86_64 1.2.0 OK

Check Details

Version: 1.2.0
Check: installed package size
Result: NOTE
     installed size is 5.0Mb
     sub-directories of 1Mb or more:
     data 2.0Mb
     libs 2.1Mb
Flavors: r-devel-linux-x86_64-fedora-clang, r-devel-windows-ix86+x86_64-gcc8