Last updated on 2020-01-27 00:48:22 CET.
Flavor | Version | Tinstall | Tcheck | Ttotal | Status | Flags |
---|---|---|---|---|---|---|
r-devel-linux-x86_64-debian-clang | 0.2.0 | 8.54 | 77.34 | 85.88 | OK | |
r-devel-linux-x86_64-debian-gcc | 0.2.0 | 6.14 | 58.36 | 64.50 | OK | |
r-devel-linux-x86_64-fedora-clang | 0.2.0 | 100.73 | NOTE | |||
r-devel-linux-x86_64-fedora-gcc | 0.2.0 | 103.75 | NOTE | |||
r-devel-windows-ix86+x86_64 | 0.2.0 | 19.00 | 122.00 | 141.00 | OK | |
r-devel-windows-ix86+x86_64-gcc8 | 0.2.0 | 28.00 | 90.00 | 118.00 | OK | |
r-patched-linux-x86_64 | 0.2.0 | 7.41 | 68.67 | 76.08 | OK | |
r-patched-solaris-x86 | 0.2.0 | 130.40 | NOTE | |||
r-release-linux-x86_64 | 0.2.0 | 6.83 | 67.64 | 74.47 | OK | |
r-release-windows-ix86+x86_64 | 0.2.0 | 14.00 | 77.00 | 91.00 | OK | |
r-release-osx-x86_64 | 0.2.0 | NOTE | ||||
r-oldrel-windows-ix86+x86_64 | 0.2.0 | 9.00 | 83.00 | 92.00 | OK | |
r-oldrel-osx-x86_64 | 0.2.0 | NOTE |
Version: 0.2.0
Check: dependencies in R code
Result: NOTE
Namespace in Imports field not imported from: ‘geometry’
All declared Imports should be used.
Flavors: r-devel-linux-x86_64-fedora-clang, r-devel-linux-x86_64-fedora-gcc, r-patched-solaris-x86, r-release-osx-x86_64, r-oldrel-osx-x86_64