Last updated on 2020-01-27 00:48:22 CET.
Flavor | Version | Tinstall | Tcheck | Ttotal | Status | Flags |
---|---|---|---|---|---|---|
r-devel-linux-x86_64-debian-clang | 0.7-6 | 6.62 | 38.44 | 45.06 | OK | |
r-devel-linux-x86_64-debian-gcc | 0.7-6 | 4.67 | 29.81 | 34.48 | OK | |
r-devel-linux-x86_64-fedora-clang | 0.7-6 | 55.13 | NOTE | |||
r-devel-linux-x86_64-fedora-gcc | 0.7-6 | 53.49 | NOTE | |||
r-devel-windows-ix86+x86_64 | 0.7-6 | 27.00 | 87.00 | 114.00 | OK | |
r-devel-windows-ix86+x86_64-gcc8 | 0.7-6 | 22.00 | 86.00 | 108.00 | OK | |
r-patched-linux-x86_64 | 0.7-6 | 5.42 | 35.11 | 40.53 | OK | |
r-patched-solaris-x86 | 0.7-6 | 67.30 | OK | |||
r-release-linux-x86_64 | 0.7-6 | 5.26 | 35.02 | 40.28 | OK | |
r-release-windows-ix86+x86_64 | 0.7-6 | 14.00 | 85.00 | 99.00 | OK | |
r-release-osx-x86_64 | 0.7-6 | OK | ||||
r-oldrel-windows-ix86+x86_64 | 0.7-6 | 10.00 | 71.00 | 81.00 | OK | |
r-oldrel-osx-x86_64 | 0.7-6 | OK |
Version: 0.7-6
Check: compiled code
Result: NOTE
File ‘signal/libs/signal.so’:
Found no calls to: ‘R_registerRoutines’, ‘R_useDynamicSymbols’
It is good practice to register native routines and to disable symbol
search.
See ‘Writing portable packages’ in the ‘Writing R Extensions’ manual.
Flavors: r-devel-linux-x86_64-fedora-clang, r-devel-linux-x86_64-fedora-gcc