CRAN Package Check Results for Package shinyrecap

Last updated on 2020-01-27 00:48:22 CET.

Flavor Version Tinstall Tcheck Ttotal Status Flags
r-devel-linux-x86_64-debian-clang 0.1.0 2.42 29.04 31.46 OK
r-devel-linux-x86_64-debian-gcc 0.1.0 1.90 22.28 24.18 OK
r-devel-linux-x86_64-fedora-clang 0.1.0 37.95 NOTE
r-devel-linux-x86_64-fedora-gcc 0.1.0 36.79 NOTE
r-devel-windows-ix86+x86_64 0.1.0 12.00 57.00 69.00 OK
r-devel-windows-ix86+x86_64-gcc8 0.1.0 16.00 44.00 60.00 OK
r-patched-linux-x86_64 0.1.0 1.79 26.56 28.35 OK
r-patched-solaris-x86 0.1.0 49.90 NOTE
r-release-linux-x86_64 0.1.0 1.79 26.32 28.11 OK
r-release-windows-ix86+x86_64 0.1.0 5.00 42.00 47.00 OK
r-release-osx-x86_64 0.1.0 NOTE
r-oldrel-windows-ix86+x86_64 0.1.0 3.00 35.00 38.00 OK
r-oldrel-osx-x86_64 0.1.0 NOTE

Check Details

Version: 0.1.0
Check: dependencies in R code
Result: NOTE
    Namespaces in Imports field not imported from:
     ‘CARE1’ ‘LCMCR’ ‘coda’ ‘conting’ ‘dga’ ‘future’ ‘ggplot2’ ‘ipc’
     ‘promises’ ‘reshape’ ‘shinycssloaders’ ‘testthat’
     All declared Imports should be used.
Flavors: r-devel-linux-x86_64-fedora-clang, r-devel-linux-x86_64-fedora-gcc, r-patched-solaris-x86, r-release-osx-x86_64, r-oldrel-osx-x86_64