Last updated on 2020-01-27 00:48:22 CET.
Flavor | Version | Tinstall | Tcheck | Ttotal | Status | Flags |
---|---|---|---|---|---|---|
r-devel-linux-x86_64-debian-clang | 1.0.1 | 9.51 | 46.18 | 55.69 | OK | |
r-devel-linux-x86_64-debian-gcc | 1.0.1 | 6.89 | 34.73 | 41.62 | OK | |
r-devel-linux-x86_64-fedora-clang | 1.0.1 | 64.57 | NOTE | |||
r-devel-linux-x86_64-fedora-gcc | 1.0.1 | 63.72 | NOTE | |||
r-devel-windows-ix86+x86_64 | 1.0.1 | 22.00 | 82.00 | 104.00 | OK | |
r-devel-windows-ix86+x86_64-gcc8 | 1.0.1 | 28.00 | 112.00 | 140.00 | OK | |
r-patched-linux-x86_64 | 1.0.1 | 6.64 | 40.40 | 47.04 | OK | |
r-patched-solaris-x86 | 1.0.1 | 88.80 | NOTE | |||
r-release-linux-x86_64 | 1.0.1 | 5.78 | 40.19 | 45.97 | OK | |
r-release-windows-ix86+x86_64 | 1.0.1 | 15.00 | 56.00 | 71.00 | OK | |
r-release-osx-x86_64 | 1.0.1 | NOTE | ||||
r-oldrel-windows-ix86+x86_64 | 1.0.1 | 11.00 | 64.00 | 75.00 | OK | |
r-oldrel-osx-x86_64 | 1.0.1 | NOTE |
Version: 1.0.1
Check: package dependencies
Result: NOTE
Imports includes 22 non-default packages.
Importing from so many packages makes the package vulnerable to any of
them becoming unavailable. Move as many as possible to Suggests and
use conditionally.
Flavor: r-devel-linux-x86_64-fedora-clang
Version: 1.0.1
Check: dependencies in R code
Result: NOTE
Namespaces in Imports field not imported from:
‘R6’ ‘getPass’ ‘svglite’ ‘websocket’
All declared Imports should be used.
Flavors: r-devel-linux-x86_64-fedora-clang, r-devel-linux-x86_64-fedora-gcc, r-patched-solaris-x86, r-release-osx-x86_64, r-oldrel-osx-x86_64