Last updated on 2020-01-27 00:48:22 CET.
Flavor | Version | Tinstall | Tcheck | Ttotal | Status | Flags |
---|---|---|---|---|---|---|
r-devel-linux-x86_64-debian-clang | 1.1 | 3.20 | 33.94 | 37.14 | OK | |
r-devel-linux-x86_64-debian-gcc | 1.1 | 2.51 | 26.59 | 29.10 | OK | |
r-devel-linux-x86_64-fedora-clang | 1.1 | 42.82 | NOTE | |||
r-devel-linux-x86_64-fedora-gcc | 1.1 | 44.19 | NOTE | |||
r-devel-windows-ix86+x86_64 | 1.1 | 9.00 | 68.00 | 77.00 | OK | |
r-devel-windows-ix86+x86_64-gcc8 | 1.1 | 10.00 | 69.00 | 79.00 | OK | |
r-patched-linux-x86_64 | 1.1 | 2.32 | 31.25 | 33.57 | OK | |
r-patched-solaris-x86 | 1.1 | 56.50 | NOTE | |||
r-release-linux-x86_64 | 1.1 | 2.47 | 31.16 | 33.63 | OK | |
r-release-windows-ix86+x86_64 | 1.1 | 6.00 | 50.00 | 56.00 | OK | |
r-release-osx-x86_64 | 1.1 | NOTE | ||||
r-oldrel-windows-ix86+x86_64 | 1.1 | 5.00 | 42.00 | 47.00 | OK | |
r-oldrel-osx-x86_64 | 1.1 | NOTE |
Version: 1.1
Check: dependencies in R code
Result: NOTE
Namespace in Imports field not imported from: ‘htmltools’
All declared Imports should be used.
Flavors: r-devel-linux-x86_64-fedora-clang, r-devel-linux-x86_64-fedora-gcc, r-patched-solaris-x86, r-release-osx-x86_64, r-oldrel-osx-x86_64