Last updated on 2020-01-27 00:48:22 CET.
Flavor | Version | Tinstall | Tcheck | Ttotal | Status | Flags |
---|---|---|---|---|---|---|
r-devel-linux-x86_64-debian-clang | 1.4.0 | 36.02 | 97.03 | 133.05 | OK | |
r-devel-linux-x86_64-debian-gcc | 1.4.0 | 30.66 | 75.26 | 105.92 | OK | |
r-devel-linux-x86_64-fedora-clang | 1.4.0 | 161.35 | NOTE | |||
r-devel-linux-x86_64-fedora-gcc | 1.4.0 | 162.14 | OK | |||
r-devel-windows-ix86+x86_64 | 1.4.0 | 63.00 | 157.00 | 220.00 | NOTE | |
r-devel-windows-ix86+x86_64-gcc8 | 1.4.0 | 80.00 | 124.00 | 204.00 | NOTE | |
r-patched-linux-x86_64 | 1.4.0 | 30.91 | 86.83 | 117.74 | OK | |
r-patched-solaris-x86 | 1.4.0 | 188.40 | NOTE | |||
r-release-linux-x86_64 | 1.4.0 | 32.90 | 87.68 | 120.58 | OK | |
r-release-windows-ix86+x86_64 | 1.4.0 | 48.00 | 111.00 | 159.00 | NOTE | |
r-release-osx-x86_64 | 1.4.0 | NOTE | ||||
r-oldrel-windows-ix86+x86_64 | 1.4.0 | 53.00 | 98.00 | 151.00 | ERROR | |
r-oldrel-osx-x86_64 | 1.4.0 | NOTE |
Version: 1.4.0
Check: installed package size
Result: NOTE
installed size is 10.9Mb
sub-directories of 1Mb or more:
R 1.5Mb
www 8.3Mb
Flavors: r-devel-linux-x86_64-fedora-clang, r-devel-windows-ix86+x86_64, r-devel-windows-ix86+x86_64-gcc8, r-patched-solaris-x86, r-release-windows-ix86+x86_64, r-release-osx-x86_64, r-oldrel-windows-ix86+x86_64, r-oldrel-osx-x86_64
Version: 1.4.0
Check: tests
Result: ERROR
Running 'test-all.R' [28s]
Running the tests in 'tests/test-all.R' failed.
Complete output:
> library(testthat)
> library(shiny)
>
> test_check("shiny")
-- 1. Failure: debounce/throttle work properly (without priming) (@test-reactivi
isolate(tr()) not identical to 10.
1/1 mismatches
[1] 9 - 10 == -1
== testthat results ===========================================================
[ OK: 827 | SKIPPED: 4 | WARNINGS: 0 | FAILED: 1 ]
1. Failure: debounce/throttle work properly (without priming) (@test-reactivity.r#1176)
Error: testthat unit tests failed
Execution halted
Flavor: r-oldrel-windows-ix86+x86_64