Last updated on 2020-01-27 00:48:22 CET.
Flavor | Version | Tinstall | Tcheck | Ttotal | Status | Flags |
---|---|---|---|---|---|---|
r-devel-linux-x86_64-debian-clang | 1.3.8 | 80.67 | 72.66 | 153.33 | OK | |
r-devel-linux-x86_64-debian-gcc | 1.3.8 | 53.47 | 56.82 | 110.29 | OK | |
r-devel-linux-x86_64-fedora-clang | 1.3.8 | 199.45 | NOTE | |||
r-devel-linux-x86_64-fedora-gcc | 1.3.8 | 180.99 | OK | |||
r-devel-windows-ix86+x86_64 | 1.3.8 | 148.00 | 156.00 | 304.00 | OK | |
r-devel-windows-ix86+x86_64-gcc8 | 1.3.8 | 146.00 | 115.00 | 261.00 | OK | |
r-patched-linux-x86_64 | 1.3.8 | 49.72 | 64.73 | 114.45 | OK | |
r-patched-solaris-x86 | 1.3.8 | 197.40 | OK | |||
r-release-linux-x86_64 | 1.3.8 | 49.98 | 64.76 | 114.74 | OK | |
r-release-windows-ix86+x86_64 | 1.3.8 | 107.00 | 112.00 | 219.00 | OK | |
r-release-osx-x86_64 | 1.3.8 | NOTE | ||||
r-oldrel-windows-ix86+x86_64 | 1.3.8 | 105.00 | 103.00 | 208.00 | OK | |
r-oldrel-osx-x86_64 | 1.3.8 | NOTE |
Version: 1.3.8
Check: installed package size
Result: NOTE
installed size is 10.8Mb
sub-directories of 1Mb or more:
libs 9.4Mb
Flavors: r-devel-linux-x86_64-fedora-clang, r-release-osx-x86_64, r-oldrel-osx-x86_64