Last updated on 2020-01-27 00:48:22 CET.
Flavor | Version | Tinstall | Tcheck | Ttotal | Status | Flags |
---|---|---|---|---|---|---|
r-devel-linux-x86_64-debian-clang | 0.5.9 | 14.06 | 34.52 | 48.58 | OK | |
r-devel-linux-x86_64-debian-gcc | 0.5.9 | 9.27 | 28.08 | 37.35 | OK | |
r-devel-linux-x86_64-fedora-clang | 0.5.9 | 62.44 | NOTE | |||
r-devel-linux-x86_64-fedora-gcc | 0.5.9 | 59.70 | NOTE | |||
r-devel-windows-ix86+x86_64 | 0.5.9 | 41.00 | 98.00 | 139.00 | OK | |
r-devel-windows-ix86+x86_64-gcc8 | 0.5.9 | 40.00 | 74.00 | 114.00 | OK | |
r-patched-linux-x86_64 | 0.5.9 | 9.53 | 31.60 | 41.13 | OK | |
r-patched-solaris-x86 | 0.5.9 | 78.20 | OK | |||
r-release-linux-x86_64 | 0.5.9 | 10.29 | 31.48 | 41.77 | OK | |
r-release-windows-ix86+x86_64 | 0.5.9 | 28.00 | 79.00 | 107.00 | OK | |
r-release-osx-x86_64 | 0.5.9 | OK | ||||
r-oldrel-windows-ix86+x86_64 | 0.5.9 | 24.00 | 63.00 | 87.00 | OK | |
r-oldrel-osx-x86_64 | 0.5.9 | OK |
Version: 0.5.9
Check: compiled code
Result: NOTE
File ‘sequences/libs/sequences.so’:
Found no calls to: ‘R_registerRoutines’, ‘R_useDynamicSymbols’
It is good practice to register native routines and to disable symbol
search.
See ‘Writing portable packages’ in the ‘Writing R Extensions’ manual.
Flavors: r-devel-linux-x86_64-fedora-clang, r-devel-linux-x86_64-fedora-gcc