Last updated on 2020-01-27 00:48:22 CET.
Flavor | Version | Tinstall | Tcheck | Ttotal | Status | Flags |
---|---|---|---|---|---|---|
r-devel-linux-x86_64-debian-clang | 2.1.5 | 13.80 | 132.35 | 146.15 | OK | |
r-devel-linux-x86_64-debian-gcc | 2.1.5 | 12.40 | 101.39 | 113.79 | OK | |
r-devel-linux-x86_64-fedora-clang | 2.1.5 | 177.43 | OK | |||
r-devel-linux-x86_64-fedora-gcc | 2.1.5 | 173.66 | OK | |||
r-devel-windows-ix86+x86_64 | 2.1.5 | 31.00 | 211.00 | 242.00 | OK | |
r-devel-windows-ix86+x86_64-gcc8 | 2.1.5 | 29.00 | 181.00 | 210.00 | OK | |
r-patched-linux-x86_64 | 2.1.5 | 11.07 | 121.17 | 132.24 | OK | |
r-patched-solaris-x86 | 2.1.5 | 193.70 | OK | |||
r-release-linux-x86_64 | 2.1.5 | 10.17 | 120.56 | 130.73 | OK | |
r-release-windows-ix86+x86_64 | 2.1.5 | 17.00 | 151.00 | 168.00 | OK | |
r-release-osx-x86_64 | 2.1.5 | NOTE | ||||
r-oldrel-windows-ix86+x86_64 | 2.1.5 | 17.00 | 158.00 | 175.00 | OK | |
r-oldrel-osx-x86_64 | 2.1.5 | NOTE |
Version: 2.1.5
Check: package dependencies
Result: NOTE
Package suggested but not available for checking: ‘rpanel’
Flavors: r-release-osx-x86_64, r-oldrel-osx-x86_64
Version: 2.1.5
Check: dependencies in R code
Result: NOTE
No protocol specified
Flavors: r-release-osx-x86_64, r-oldrel-osx-x86_64