CRAN Package Check Results for Package seasonal

Last updated on 2020-01-27 00:48:22 CET.

Flavor Version Tinstall Tcheck Ttotal Status Flags
r-devel-linux-x86_64-debian-clang 1.7.0 5.55 52.50 58.05 OK
r-devel-linux-x86_64-debian-gcc 1.7.0 4.39 41.08 45.47 OK
r-devel-linux-x86_64-fedora-clang 1.7.0 71.42 OK
r-devel-linux-x86_64-fedora-gcc 1.7.0 70.11 OK
r-devel-windows-ix86+x86_64 1.7.0 15.00 121.00 136.00 OK
r-devel-windows-ix86+x86_64-gcc8 1.7.0 15.00 121.00 136.00 OK
r-patched-linux-x86_64 1.7.0 4.79 49.17 53.96 OK
r-patched-solaris-x86 1.7.0 66.70 OK
r-release-linux-x86_64 1.7.0 5.10 49.53 54.63 OK
r-release-windows-ix86+x86_64 1.7.0 10.00 86.00 96.00 OK
r-release-osx-x86_64 1.7.0 NOTE
r-oldrel-windows-ix86+x86_64 1.7.0 7.00 113.00 120.00 OK
r-oldrel-osx-x86_64 1.7.0 OK

Check Details

Version: 1.7.0
Check: package dependencies
Result: NOTE
    Package suggested but not available for checking: ‘seasonalview’
Flavor: r-release-osx-x86_64

Version: 1.7.0
Check: Rd cross-references
Result: NOTE
    Package unavailable to check Rd xrefs: ‘seasonalview’
Flavor: r-release-osx-x86_64