CRAN Package Check Results for Package seaaroundus

Last updated on 2020-01-27 00:48:22 CET.

Flavor Version Tinstall Tcheck Ttotal Status Flags
r-devel-linux-x86_64-debian-clang 1.2.0 4.78 45.89 50.67 OK
r-devel-linux-x86_64-debian-gcc 1.2.0 3.93 35.40 39.33 OK
r-devel-linux-x86_64-fedora-clang 1.2.0 60.54 NOTE
r-devel-linux-x86_64-fedora-gcc 1.2.0 59.06 NOTE
r-devel-windows-ix86+x86_64 1.2.0 15.00 111.00 126.00 OK
r-devel-windows-ix86+x86_64-gcc8 1.2.0 27.00 88.00 115.00 OK
r-patched-linux-x86_64 1.2.0 3.71 40.74 44.45 OK
r-patched-solaris-x86 1.2.0 81.60 NOTE
r-release-linux-x86_64 1.2.0 4.20 39.83 44.03 OK
r-release-windows-ix86+x86_64 1.2.0 12.00 76.00 88.00 OK
r-release-osx-x86_64 1.2.0 NOTE
r-oldrel-windows-ix86+x86_64 1.2.0 7.00 83.00 90.00 OK
r-oldrel-osx-x86_64 1.2.0 NOTE

Check Details

Version: 1.2.0
Check: dependencies in R code
Result: NOTE
    Namespace in Imports field not imported from: ‘rgdal’
     All declared Imports should be used.
Flavors: r-devel-linux-x86_64-fedora-clang, r-devel-linux-x86_64-fedora-gcc, r-patched-solaris-x86, r-release-osx-x86_64, r-oldrel-osx-x86_64